{"id":2222,"date":"2023-02-06T08:24:00","date_gmt":"2023-02-06T07:24:00","guid":{"rendered":"https:\/\/montessorimondial.se\/kungsholmen\/?page_id=2222"},"modified":"2023-02-06T10:21:34","modified_gmt":"2023-02-06T09:21:34","slug":"elevintervjuer-om-utbytesresa","status":"publish","type":"page","link":"https:\/\/montessorimondial.se\/kungsholmen\/elevintervjuer-om-utbytesresa\/","title":{"rendered":"Elevintervjuer om utbytesresa"},"content":{"rendered":"\n\t<div class=\"module_wrapper ams_remote_pages_module \">\n\t\t\t\t\t\t\t<div class=\"container core-columns\">\n\t\t\t\t\t\t<div class=\"row\">\n\t\t\t\t\t\t\t<div class=\"col-12\">\n\t\t\t\t\t\t\t\t\n<div class=\"wp-block-columns is-layout-flex wp-container-core-columns-layout-1 wp-block-columns-is-layout-flex\">\n<div class=\"wp-block-column is-layout-flow wp-block-column-is-layout-flow\" style=\"flex-basis:25%\"><\/div>\n\n\n\n<div class=\"wp-block-column is-layout-flow wp-block-column-is-layout-flow\" style=\"flex-basis:75%\">\n<h1 class=\"wp-block-heading\"><strong>Eleverna ber\u00e4ttar om utbytesresan i Spanien<\/strong><\/h1>\n\n\n\n<p   class=\"site__ingress container text-left  site__text-color--dark  site__free_text--ingress p-0\">\n\tVi intervjuade tre av eleverna p\u00e5 Montessori Mondial Lund f\u00f6r att h\u00f6ra mer om deras upplevelse av utbytesresan i C\u00f3rdoba, Spanien.<\/p>\n\n\n<\/div>\n\n\n\n<div class=\"wp-block-column is-layout-flow wp-block-column-is-layout-flow\" style=\"flex-basis:25%\"><\/div>\n<\/div>\n\t\t\t\t\t\t\t<\/div>\n\t\t\t\t\t\t<\/div>\n\t\t\t\t\t<\/div>\n\t\t\t\t\t\t\t\t\t\t<div class=\"container core-columns\">\n\t\t\t\t\t\t<div class=\"row\">\n\t\t\t\t\t\t\t<div class=\"col-12\">\n\t\t\t\t\t\t\t\t\n<div class=\"wp-block-columns is-layout-flex wp-container-core-columns-layout-2 wp-block-columns-is-layout-flex\">\n<div class=\"wp-block-column is-layout-flow wp-block-column-is-layout-flow\">\t<div\n\t\t class=\"container-fluid images-module\" >\n\t\t<div class=\"row my-2\">\n\t\t\t<div\n\t\t\t\t\tclass=\"col-md-12 order-md-1 images_module__img_l images_module__content_spacing_img_l_m  images-module__color-plate-left-bg_site__secondary-bg--100 \">\n\t\t\t\t<div class=\"d-inline-block position-relative\">\n\n\n\t\t\t\t\t<div class=\"images__wrapper\" style=\"\n\t\t\t\t\tmax-width: 440px;\t\t\t\t\tmax-height: 494px;\">\n\t\t\t\t\t\t<img decoding=\"async\" width=\"1194\" height=\"1392\" src=\"https:\/\/montessorimondial.se\/wp-content\/uploads\/2023\/01\/julia.jpg\" class=\"d-block images__image_ratio animate__animated animate__fadeIn \" alt=\"Portr\u00e4ttbild p\u00e5 Julia, elev p\u00e5 utbytesresa i Spanien.\" style=\"aspect-ratio: 440 \/ 494;object-position: center center;\" srcset=\"https:\/\/montessorimondial.se\/wp-content\/uploads\/2023\/01\/julia.jpg 1194w, https:\/\/montessorimondial.se\/wp-content\/uploads\/2023\/01\/julia-300x350.jpg 300w, https:\/\/montessorimondial.se\/wp-content\/uploads\/2023\/01\/julia-400x466.jpg 400w, https:\/\/montessorimondial.se\/wp-content\/uploads\/2023\/01\/julia-600x699.jpg 600w, https:\/\/montessorimondial.se\/wp-content\/uploads\/2023\/01\/julia-800x933.jpg 800w, https:\/\/montessorimondial.se\/wp-content\/uploads\/2023\/01\/julia-1024x1194.jpg 1024w\" sizes=\"(max-width: 1194px) 100vw, 1194px\" \/>\t\t\t\t\t<\/div>\n\n\t\t\t\t\t\n\n\t\t\t\t\t\t\t\t\t<\/div>\n\t\t\t<\/div>\n\t\t<\/div>\n\t<\/div>\n\t\n\n\n<script>\n\tvar images_display_descriptive_text = \"\";\n<\/script>\n<\/div>\n\n\n\n<div class=\"wp-block-column is-layout-flow wp-block-column-is-layout-flow\">\n<h2 class=\"wp-block-heading\">Intervju med Julia Viklund<\/h2>\n\n\n\n<p><\/p>\n\n\n\n<p><strong>Vad tycker du \u00e4r det roligaste i skolan?<\/strong><\/p>\n\n\n\n<p>&#8211; Jag gillar samh\u00e4lls\u00e4mnena som till exempel spr\u00e5k. Jag l\u00e4ser spanska i skolan, ber\u00e4ttar Julia.<\/p>\n\n\n\n<p>&#8211; Att just spr\u00e5k \u00e4r s\u00e5 kul beror p\u00e5 att k\u00e4nns som man l\u00e4r sig viktiga saker. Sen \u00e4r jag ocks\u00e5 intresserad av det och jag hade kunnat t\u00e4nka mig jobba med det.<\/p>\n\n\n\n<p><strong>Vad har ni f\u00e5tt g\u00f6ra p\u00e5 utbytesresan \u00e4n s\u00e5 l\u00e4nge?<\/strong>&#8211; <\/p>\n\n\n\n<p>&#8211; Vi har g\u00e5tt en guidad stadsvandring och s\u00e5g all arkitektur. Vi tittade bland annat p\u00e5 \u00c4rke\u00e4ngel San Rafael och en gata som heter Calleja de las Flores, \u201cBlommornas gr\u00e4nd\u201c, ber\u00e4ttar Julia.<\/p>\n\n\n\n<p>&#8211; Guiden ber\u00e4ttade att den heter s\u00e5 f\u00f6r f\u00f6rr i tiden, n\u00e4r det var h\u00e5l i v\u00e4ggarna p\u00e5 husen, satte inv\u00e5narna dit blommor ist\u00e4llet f\u00f6r att laga h\u00e5len f\u00f6r att det var finare.<\/p>\n\n\n\n<p><strong>Vad har ni f\u00e5tt g\u00f6ra tillsammans med eleverna h\u00e4r?<\/strong><\/p>\n\n\n\n<p>&#8211; De spanska eleverna hade f\u00f6rberett presentationer om C\u00f3rdoba. Och i slutet av presentationen st\u00e4llde de ocks\u00e5 lite fr\u00e5gor till oss. Bland annat hur det \u00e4r p\u00e5 v\u00e5r skola och hur v\u00e5rt schema ser ut. Sen hade vi ocks\u00e5 presentation om Sverige som vi hade f\u00f6rberett, s\u00e5 d\u00e5 ber\u00e4ttade vi mer om svensk musik och mat.<\/p>\n\n\n\n<p>&#8211; Det tyckte att det var annorlunda med svenskt l\u00f6sgodis och att vi f\u00e5r skolmat i skolan. Men de hade ganska bra koll p\u00e5 svensk musik. Det var en grupp vars presentation handlade om musik och n\u00e4r de satte p\u00e5 l\u00e5tar av vissa stora svenska artister s\u00e5 sj\u00f6ng en del av de spanska eleverna med.\u00a0<\/p>\n\n\n\n<p><strong>Hur kommunicerar ni med de spanska eleverna?<\/strong><\/p>\n\n\n\n<p>&#8211; Det \u00e4r lite sv\u00e5rt att h\u00e4nga med i deras snabba spanska men vi tar hj\u00e4lp av gester. Vi visar med h\u00e4nder och sen f\u00e5r man anv\u00e4nda lite engelska och blanda in lite spanska ord och hoppas att de f\u00f6rst\u00e5r, f\u00f6rklarar Julia.<\/p>\n\n\n\n<p><strong>\u00c4r det n\u00e5gonting p\u00e5 resan som du l\u00e4rt dig utanf\u00f6r skolan?<\/strong><\/p>\n\n\n\n<p>&#8211; Det \u00e4r nog att klara allt p\u00e5 egen hand. N\u00e4r vi \u00e4ter p\u00e5 kv\u00e4llarna s\u00e5 beh\u00f6ver vi inte \u00e4ta med l\u00e4rare, vi f\u00e5r inte \u00e4ta sj\u00e4lva men vi kan \u00e4ta bara vi elever. D\u00e5 f\u00e5r vi best\u00e4lla sj\u00e4lv och g\u00e5 runt i stan och k\u00f6pa saker sj\u00e4lv. S\u00e5 jag har l\u00e4rt mig att vara mer sj\u00e4lvst\u00e4ndig.<\/p>\n\n\n\n<p><strong>Vad har varit det roligaste hittills p\u00e5 resan?<\/strong><\/p>\n\n\n\n<p>&#8211; Det \u00e4r inte s\u00e5 m\u00e5nga som f\u00e5r m\u00f6jligheten att komma iv\u00e4g s\u00e5h\u00e4r hela klassen, det k\u00e4nns som att man f\u00e5r v\u00e4ldigt bra sammanh\u00e5llning av det. S\u00e5 det b\u00e4sta \u00e4r att f\u00e5 komma iv\u00e4g hela klassen tillsammans och att uppleva nya saker!<\/p>\n<\/div>\n<\/div>\n\t\t\t\t\t\t\t<\/div>\n\t\t\t\t\t\t<\/div>\n\t\t\t\t\t<\/div>\n\t\t\t\t\t\t\t\t\t\t<div class=\"container core-columns\">\n\t\t\t\t\t\t<div class=\"row\">\n\t\t\t\t\t\t\t<div class=\"col-12\">\n\t\t\t\t\t\t\t\t\n<div class=\"wp-block-columns is-layout-flex wp-container-core-columns-layout-3 wp-block-columns-is-layout-flex\">\n<div class=\"wp-block-column is-layout-flow wp-block-column-is-layout-flow\">\n<h2 class=\"wp-block-heading\">Intervju med Pontus Bondesson<\/h2>\n\n\n\n<p><\/p>\n\n\n\n<p><strong>Har du sett n\u00e5gon skillnad p\u00e5 skolan h\u00e4r j\u00e4mf\u00f6rt med i Sverige?<\/strong><\/p>\n\n\n\n<p>&#8211; Ja, jag har m\u00e4rkt att det \u00e4r v\u00e4ldigt stor skillnad p\u00e5 hur man l\u00e4r ut h\u00e4r j\u00e4mf\u00f6rt med i v\u00e5r skola. Vi f\u00e5r anv\u00e4nda mycket datorer och de skriver mycket mer p\u00e5 papper och l\u00e4ser mer i b\u00f6cker, f\u00f6rklarar Pontus<\/p>\n\n\n\n<p>&#8211; Vi var med p\u00e5 deras tekniklektion ig\u00e5r och d\u00e5 fick de l\u00e4ra sig olika datorprogram. Det har inte vi l\u00e4rt oss om hemma. Vi l\u00e4r oss mer om programmering och att hitta information p\u00e5 internet.<\/p>\n\n\n\n<p><strong>Kommer du beh\u00e5lla kontakten med n\u00e5gon som du l\u00e4rt k\u00e4nna h\u00e4r tror du?<\/strong><\/p>\n\n\n\n<p>&#8211; Det \u00e4r sv\u00e5rt att s\u00e4ga men det hoppas jag. Troligtvis blir det med n\u00e5gon.\u00a0<\/p>\n\n\n\n<p><strong>L\u00e4ser du spanska i skolan?<\/strong><\/p>\n\n\n\n<p>&#8211; Ja, det g\u00f6r jag. S\u00e5 jag f\u00f6rst\u00e5r ju ett f\u00e5tal meningar och ord de s\u00e4ger h\u00e4r. De pratar ganska snabbt s\u00e5 det \u00e4r lite sv\u00e5rt att f\u00f6rst\u00e5 men \u00e4nd\u00e5 anv\u00e4ndbart med spanskan hemifr\u00e5n.\u00a0<\/p>\n\n\n\n<p><strong>F\u00f6rs\u00f6ker du \u00f6va lite extra p\u00e5 spanskan n\u00e4r du \u00e4r h\u00e4r?<\/strong><\/p>\n\n\n\n<p>&#8211; Ja, vi har f\u00e5tt i uppdrag av v\u00e5r spanskl\u00e4rare hemifr\u00e5n att spela in n\u00e4r vi best\u00e4ller mat p\u00e5 spanska. Det gick s\u00e5d\u00e4r f\u00f6r jag blev lite nerv\u00f6s men jag f\u00f6rs\u00f6ker. Det g\u00e5r helt okej.\u00a0<\/p>\n\n\n\n<p><strong>Vad har du tyckt var det roligaste p\u00e5 resan?<\/strong><\/p>\n\n\n\n<p>&#8211; Jag skulle nog s\u00e4ga dagen d\u00e5 vi kom till den spanska skolan f\u00f6r f\u00f6rsta g\u00e5ngen. \u00c4ven om det var lite skr\u00e4mmande att folk stirrade p\u00e5 oss s\u00e5 var det kul att de var s\u00e5 nyfikna och kom fram till oss direkt och pratade, ber\u00e4ttar Pontus.<\/p>\n\n\n\n<p>&#8211; Det k\u00e4nns som att spanjorer \u00e4r mycket mer sociala \u00e4n svenskar. Men det kan ju ocks\u00e5 bero p\u00e5 att vi sticker ut eftersom vi inte har uniform p\u00e5 oss. Det kanske ocks\u00e5 g\u00f6r att de blir v\u00e4ldigt nyfikna och vill ta reda p\u00e5 vad som p\u00e5g\u00e5r.\u00a0<\/p>\n<\/div>\n\n\n\n<div class=\"wp-block-column is-layout-flow wp-block-column-is-layout-flow\">\t<div\n\t\t class=\"container-fluid images-module\" >\n\t\t<div class=\"row my-2\">\n\t\t\t<div class=\"col-md-12 images_module__img_r images_module__content_spacing_img_r_m  images-module__color-plate-right-bg_site__secondary-bg--100 \">\n\t\t\t\t<div class=\"position-relative text-right\">\n\t\t\t\t\t<div class=\"images__wrapper\" style=\"float:right; max-width: 440px; max-height: 494px;\">\n\t\t\t\t\t\t<img decoding=\"async\" width=\"1194\" height=\"1392\" src=\"https:\/\/montessorimondial.se\/wp-content\/uploads\/2023\/01\/pontus.jpg\" class=\"d-block images__image_ratio animate__animated animate__fadeIn \" alt=\"Portr\u00e4ttbild p\u00e5 Pontus, elev p\u00e5 utbytesresa i Spanien.\" style=\"aspect-ratio: 440 \/ 494;object-position: center center;\" srcset=\"https:\/\/montessorimondial.se\/wp-content\/uploads\/2023\/01\/pontus.jpg 1194w, https:\/\/montessorimondial.se\/wp-content\/uploads\/2023\/01\/pontus-300x350.jpg 300w, https:\/\/montessorimondial.se\/wp-content\/uploads\/2023\/01\/pontus-400x466.jpg 400w, https:\/\/montessorimondial.se\/wp-content\/uploads\/2023\/01\/pontus-600x699.jpg 600w, https:\/\/montessorimondial.se\/wp-content\/uploads\/2023\/01\/pontus-800x933.jpg 800w, https:\/\/montessorimondial.se\/wp-content\/uploads\/2023\/01\/pontus-1024x1194.jpg 1024w\" sizes=\"(max-width: 1194px) 100vw, 1194px\" \/>\t\t\t\t\t<\/div>\n\t\t\t\t\t<div style=\"clear:both;\">\n\t\t\t\t\t\t\n\t\t\t\t\t\t\t\t\t\t\t<\/div>\n\t\t\t\t<\/div>\n\t\t\t<\/div>\n\t\t<\/div>\n\t<\/div>\n\t\n\n\n<script>\n\tvar images_display_descriptive_text = \"\";\n<\/script>\n<\/div>\n<\/div>\n\t\t\t\t\t\t\t<\/div>\n\t\t\t\t\t\t<\/div>\n\t\t\t\t\t<\/div>\n\t\t\t\t\t\t\t\t\t\t<div class=\"container core-columns\">\n\t\t\t\t\t\t<div class=\"row\">\n\t\t\t\t\t\t\t<div class=\"col-12\">\n\t\t\t\t\t\t\t\t\n<div class=\"wp-block-columns is-layout-flex wp-container-core-columns-layout-4 wp-block-columns-is-layout-flex\">\n<div class=\"wp-block-column is-layout-flow wp-block-column-is-layout-flow\">\t<div\n\t\t class=\"container-fluid images-module\" >\n\t\t<div class=\"row my-2\">\n\t\t\t<div\n\t\t\t\t\tclass=\"col-md-12 order-md-1 images_module__img_l images_module__content_spacing_img_l_m  images-module__color-plate-left-bg_site__secondary-bg--100 \">\n\t\t\t\t<div class=\"d-inline-block position-relative\">\n\n\n\t\t\t\t\t<div class=\"images__wrapper\" style=\"\n\t\t\t\t\tmax-width: 440px;\t\t\t\t\tmax-height: 494px;\">\n\t\t\t\t\t\t<img decoding=\"async\" width=\"1194\" height=\"1392\" src=\"https:\/\/montessorimondial.se\/wp-content\/uploads\/2023\/01\/olivia.jpg\" class=\"d-block images__image_ratio animate__animated animate__fadeIn \" alt=\"Portr\u00e4ttbild p\u00e5 Olivia, elev p\u00e5 utbytesresa i Spanien.\" style=\"aspect-ratio: 440 \/ 494;object-position: center center;\" srcset=\"https:\/\/montessorimondial.se\/wp-content\/uploads\/2023\/01\/olivia.jpg 1194w, https:\/\/montessorimondial.se\/wp-content\/uploads\/2023\/01\/olivia-300x350.jpg 300w, https:\/\/montessorimondial.se\/wp-content\/uploads\/2023\/01\/olivia-400x466.jpg 400w, https:\/\/montessorimondial.se\/wp-content\/uploads\/2023\/01\/olivia-600x699.jpg 600w, https:\/\/montessorimondial.se\/wp-content\/uploads\/2023\/01\/olivia-800x933.jpg 800w, https:\/\/montessorimondial.se\/wp-content\/uploads\/2023\/01\/olivia-1024x1194.jpg 1024w\" sizes=\"(max-width: 1194px) 100vw, 1194px\" \/>\t\t\t\t\t<\/div>\n\n\t\t\t\t\t\n\n\t\t\t\t\t\t\t\t\t<\/div>\n\t\t\t<\/div>\n\t\t<\/div>\n\t<\/div>\n\t\n\n\n<script>\n\tvar images_display_descriptive_text = \"\";\n<\/script>\n<\/div>\n\n\n\n<div class=\"wp-block-column is-layout-flow wp-block-column-is-layout-flow\">\n<h2 class=\"wp-block-heading\">Intervju med Olivia Larsson<\/h2>\n\n\n\n<p><\/p>\n\n\n\n<p><strong>Hur \u00e4r det att samarbeta med de spanska eleverna?<\/strong><\/p>\n\n\n\n<p>&#8211; De verkar v\u00e4ldigt trevliga och \u00e4r roliga att jobba med men det kan ocks\u00e5 vara lite sv\u00e5rt att kommunicera med varandra. Men det var l\u00e4ttare n\u00e4r vi fick rita posters tillsammans, d\u00e5 lyckades vi f\u00f6rst\u00e5 varandra med hj\u00e4lp av bilder, ber\u00e4ttar Olivia.<\/p>\n\n\n\n<p><strong>Vad har ni f\u00e5tt g\u00f6ra mer p\u00e5 resan?\u00a0<\/strong><\/p>\n\n\n\n<p>&#8211; Under f\u00f6rsta skoldagen hade vi presentationer om Sverige och de om Spanien. Sen hade vi rast och efter det fick vi vara med p\u00e5 deras lektioner. Vi har ocks\u00e5 g\u00e5tt runt i C\u00f3rdoba och sett staden.\u00a0<\/p>\n\n\n\n<p><strong>Kommer du beh\u00e5lla kontakten med n\u00e5gon av de spanska eleverna n\u00e4r du kommer hem?<\/strong><\/p>\n\n\n\n<p>&#8211; F\u00f6rmodligen! Jag skrev med n\u00e5gon i morse fr\u00e5n spanska skolan. Hon skrev att v\u00e4ldigt m\u00e5nga hade roligt n\u00e4r vi kom och att hon hoppades vi skulle komma tillbaka.<\/p>\n\n\n\n<p><strong>Ni f\u00e5r ju g\u00e5 runt lite i C\u00f3rdoba p\u00e5 egen hand p\u00e5 eftermiddagarna. Hur \u00e4r det tycker du?<\/strong><\/p>\n\n\n\n<p>&#8211; Det \u00e4r mysigt. Vi brukar oftast handla till morgondagen och s\u00e4tta oss p\u00e5 n\u00e5got caf\u00e9, ber\u00e4ttar Olivia.<\/p>\n\n\n\n<p>&#8211; Staden \u00e4r v\u00e4ldigt annorlunda fr\u00e5n Lund och andra st\u00e4der i Sverige. Byggnaderna och arkitekturen \u00e4r s\u00e5 annorlunda!<\/p>\n<\/div>\n<\/div>\n\t\t\t\t\t\t\t<\/div>\n\t\t\t\t\t\t<\/div>\n\t\t\t\t\t<\/div>\n\t\t\t\t\t\t<\/div>\n\n\t","protected":false},"excerpt":{"rendered":"","protected":false},"author":23,"featured_media":0,"parent":0,"menu_order":0,"comment_status":"closed","ping_status":"closed","template":"","meta":{"footnotes":""},"yoast_head":"<!-- This site is optimized with the Yoast SEO plugin v22.0 - https:\/\/yoast.com\/wordpress\/plugins\/seo\/ -->\n<title>Kungsholmen<\/title>\n<meta name=\"robots\" content=\"index, follow, max-snippet:-1, max-image-preview:large, max-video-preview:-1\" \/>\n<link rel=\"canonical\" href=\"https:\/\/montessorimondial.se\/kungsholmen\/elevintervjuer-om-utbytesresa\/\" \/>\n<meta property=\"og:locale\" content=\"sv_SE\" \/>\n<meta property=\"og:type\" content=\"article\" \/>\n<meta property=\"og:url\" content=\"https:\/\/montessorimondial.se\/kungsholmen\/elevintervjuer-om-utbytesresa\/\" \/>\n<meta property=\"og:site_name\" content=\"Kungsholmen\" \/>\n<meta property=\"article:modified_time\" content=\"2023-02-06T09:21:34+00:00\" \/>\n<meta name=\"twitter:card\" content=\"summary_large_image\" \/>\n<script type=\"application\/ld+json\" class=\"yoast-schema-graph\">{\"@context\":\"https:\/\/schema.org\",\"@graph\":[{\"@type\":\"WebPage\",\"@id\":\"https:\/\/montessorimondial.se\/kungsholmen\/elevintervjuer-om-utbytesresa\/\",\"url\":\"https:\/\/montessorimondial.se\/kungsholmen\/elevintervjuer-om-utbytesresa\/\",\"name\":\"Elevintervjuer om utbytesresa - Kungsholmen\",\"isPartOf\":{\"@id\":\"https:\/\/montessorimondial.se\/kungsholmen\/#website\"},\"datePublished\":\"2023-02-06T07:24:00+00:00\",\"dateModified\":\"2023-02-06T09:21:34+00:00\",\"breadcrumb\":{\"@id\":\"https:\/\/montessorimondial.se\/kungsholmen\/elevintervjuer-om-utbytesresa\/#breadcrumb\"},\"inLanguage\":\"sv-SE\",\"potentialAction\":[{\"@type\":\"ReadAction\",\"target\":[\"https:\/\/montessorimondial.se\/kungsholmen\/elevintervjuer-om-utbytesresa\/\"]}]},{\"@type\":\"BreadcrumbList\",\"@id\":\"https:\/\/montessorimondial.se\/kungsholmen\/elevintervjuer-om-utbytesresa\/#breadcrumb\",\"itemListElement\":[{\"@type\":\"ListItem\",\"position\":1,\"name\":\"Start\",\"item\":\"https:\/\/montessorimondial.se\/kungsholmen\/\"},{\"@type\":\"ListItem\",\"position\":2,\"name\":\"Elevintervjuer om utbytesresa\"}]},{\"@type\":\"WebSite\",\"@id\":\"https:\/\/montessorimondial.se\/kungsholmen\/#website\",\"url\":\"https:\/\/montessorimondial.se\/kungsholmen\/\",\"name\":\"Kungsholmen\",\"description\":\"Montessori Mondial Kungsholmen\",\"potentialAction\":[{\"@type\":\"SearchAction\",\"target\":{\"@type\":\"EntryPoint\",\"urlTemplate\":\"https:\/\/montessorimondial.se\/kungsholmen\/?s={search_term_string}\"},\"query-input\":\"required name=search_term_string\"}],\"inLanguage\":\"sv-SE\"}]}<\/script>\n<!-- \/ Yoast SEO plugin. -->","yoast_head_json":{"title":"Kungsholmen","robots":{"index":"index","follow":"follow","max-snippet":"max-snippet:-1","max-image-preview":"max-image-preview:large","max-video-preview":"max-video-preview:-1"},"canonical":"https:\/\/montessorimondial.se\/kungsholmen\/elevintervjuer-om-utbytesresa\/","og_locale":"sv_SE","og_type":"article","og_url":"https:\/\/montessorimondial.se\/kungsholmen\/elevintervjuer-om-utbytesresa\/","og_site_name":"Kungsholmen","article_modified_time":"2023-02-06T09:21:34+00:00","twitter_card":"summary_large_image","schema":{"@context":"https:\/\/schema.org","@graph":[{"@type":"WebPage","@id":"https:\/\/montessorimondial.se\/kungsholmen\/elevintervjuer-om-utbytesresa\/","url":"https:\/\/montessorimondial.se\/kungsholmen\/elevintervjuer-om-utbytesresa\/","name":"Elevintervjuer om utbytesresa - Kungsholmen","isPartOf":{"@id":"https:\/\/montessorimondial.se\/kungsholmen\/#website"},"datePublished":"2023-02-06T07:24:00+00:00","dateModified":"2023-02-06T09:21:34+00:00","breadcrumb":{"@id":"https:\/\/montessorimondial.se\/kungsholmen\/elevintervjuer-om-utbytesresa\/#breadcrumb"},"inLanguage":"sv-SE","potentialAction":[{"@type":"ReadAction","target":["https:\/\/montessorimondial.se\/kungsholmen\/elevintervjuer-om-utbytesresa\/"]}]},{"@type":"BreadcrumbList","@id":"https:\/\/montessorimondial.se\/kungsholmen\/elevintervjuer-om-utbytesresa\/#breadcrumb","itemListElement":[{"@type":"ListItem","position":1,"name":"Start","item":"https:\/\/montessorimondial.se\/kungsholmen\/"},{"@type":"ListItem","position":2,"name":"Elevintervjuer om utbytesresa"}]},{"@type":"WebSite","@id":"https:\/\/montessorimondial.se\/kungsholmen\/#website","url":"https:\/\/montessorimondial.se\/kungsholmen\/","name":"Kungsholmen","description":"Montessori Mondial Kungsholmen","potentialAction":[{"@type":"SearchAction","target":{"@type":"EntryPoint","urlTemplate":"https:\/\/montessorimondial.se\/kungsholmen\/?s={search_term_string}"},"query-input":"required name=search_term_string"}],"inLanguage":"sv-SE"}]}},"_links":{"self":[{"href":"https:\/\/montessorimondial.se\/kungsholmen\/wp-json\/wp\/v2\/pages\/2222"}],"collection":[{"href":"https:\/\/montessorimondial.se\/kungsholmen\/wp-json\/wp\/v2\/pages"}],"about":[{"href":"https:\/\/montessorimondial.se\/kungsholmen\/wp-json\/wp\/v2\/types\/page"}],"author":[{"embeddable":true,"href":"https:\/\/montessorimondial.se\/kungsholmen\/wp-json\/wp\/v2\/users\/23"}],"replies":[{"embeddable":true,"href":"https:\/\/montessorimondial.se\/kungsholmen\/wp-json\/wp\/v2\/comments?post=2222"}],"version-history":[{"count":1,"href":"https:\/\/montessorimondial.se\/kungsholmen\/wp-json\/wp\/v2\/pages\/2222\/revisions"}],"predecessor-version":[{"id":2223,"href":"https:\/\/montessorimondial.se\/kungsholmen\/wp-json\/wp\/v2\/pages\/2222\/revisions\/2223"}],"wp:attachment":[{"href":"https:\/\/montessorimondial.se\/kungsholmen\/wp-json\/wp\/v2\/media?parent=2222"}],"curies":[{"name":"wp","href":"https:\/\/api.w.org\/{rel}","templated":true}]}}