{"id":28,"date":"2020-09-01T22:07:29","date_gmt":"2020-09-01T20:07:29","guid":{"rendered":"https:\/\/montessorimondial.se\/kopieringsunderlag\/?page_id=28"},"modified":"2025-10-23T10:10:38","modified_gmt":"2025-10-23T08:10:38","slug":"fritids","status":"publish","type":"page","link":"https:\/\/montessorimondial.se\/kungsholmen\/om\/fritids\/","title":{"rendered":"Fritids"},"content":{"rendered":"\n<div class=\"wp-block-columns is-layout-flex wp-container-core-columns-layout-1 wp-block-columns-is-layout-flex\">\n<div class=\"wp-block-column is-layout-flow wp-block-column-is-layout-flow\" style=\"flex-basis:66.66%\">\n<h1 class=\"wp-block-heading\"><strong>Fritidsverksamhet<\/strong>en<\/h1>\n\n\n\n<p   class=\"site__ingress container text-left  site__text-color--dark  site__free_text--ingress p-0\">\n\tV\u00e4lkommen till v\u00e5r fritidsverksamhet! H\u00e4r hittar vi varje dag p\u00e5 aktiviteter efter skolan. Barnen f\u00e5r skapa, l\u00e4ra och leka tillsammans med utbildade pedagoger.<\/p>\n\n\n\n\n\n<h2 class=\"wp-block-heading\">Vad g\u00f6r vi p\u00e5 fritids?<\/h2>\n\n\n\n<p>Tillsammans hittar barn och pedagoger p\u00e5 olika l\u00e4rande aktiviteter. Vi leker utomhus, spelar fotboll, pysslar, l\u00e4ser b\u00f6cker och g\u00e5r till n\u00e4rliggande parker. Vi har Klubbenverksamhet&nbsp;f\u00f6r elever i \u00e5k 4\u20136. Det finns mycket att g\u00f6ra p\u00e5 fritids och h\u00e4r \u00e4r det bara fantasin som s\u00e4tter gr\u00e4nser! Barnen uppmuntras alltid till att vara utomhus f\u00f6r frisk luft och r\u00f6relse. <\/p>\n\n\n\n<p>Fritids g\u00e5r under Skolverket och f\u00f6ljer en <a href=\"https:\/\/www.skolverket.se\/sok-publikationer\/publikationsserier\/styrdokument\/2025\/laroplan-for-grundskolan-forskoleklassen-och-fritidshemmet---lgr22\">l\u00e4roplan<\/a>. Vi jobbar med heldagsl\u00e4rande p\u00e5 Montessori Mondial, vilket inneb\u00e4r att vi har ett samarbete mellan skolan och fritidshemmet f\u00f6r l\u00e4rande och m\u00e5luppfyllelse. <\/p>\n\n\n\n<p>I fritidsverksamheten \u00e4r eleverna inskrivna. F\u00f6r att f\u00e5 l\u00e4mna fritidsverksamheten p\u00e5 egen hand kr\u00e4vs m\u00e5lsmans skriftliga tillst\u00e5nd.<\/p>\n\n\n\n<h2 class=\"wp-block-heading\">Barnens utveckling<\/h2>\n\n\n\n<p>Fritids \u00e4r en plats d\u00e4r barnen f\u00e5r umg\u00e5s med sina v\u00e4nner och delta i aktiviteter men \u00e4ven en plats d\u00e4r lugn och ro finns till att l\u00e4sa och l\u00e4gga extra tid p\u00e5 till exempel skolarbeten.<\/p>\n\n\n\n<p>Vi jobbar f\u00f6r att st\u00e4rka barnens utveckling och f\u00f6r att de ska f\u00e5 uppfylla sina intressen. Vi uppmuntrar dem till samarbete, socialt umg\u00e4nge och interaktioner, s\u00e5 att barnen f\u00e5r f\u00f6rst\u00e5else f\u00f6r varandra. De f\u00e5r l\u00e4ra sig nya saker och inspireras till att st\u00e4ndigt utmana sig sj\u00e4lva. Det barnen l\u00e4r sig p\u00e5 fritids ska ses som ett komplement till den ordinarie undervisningen och anpassas efter barnens behov genom lek, skapande och r\u00f6relse.<\/p>\n<\/div>\n\n\n\n<div class=\"wp-block-column is-layout-flow wp-block-column-is-layout-flow\" style=\"flex-basis:33.33%\">\n<p><\/p>\n<\/div>\n<\/div>\n\n\n\n<div class=\"wp-block-columns is-layout-flex wp-container-core-columns-layout-2 wp-block-columns-is-layout-flex\">\n<div class=\"wp-block-column is-layout-flow wp-block-column-is-layout-flow\">\t<div\n\t\t class=\"container-fluid images-module\" >\n\t\t<div class=\"row my-2\">\n\t\t\t<div\n\t\t\t\t\tclass=\"col-md-12 order-md-1 images_module__img_l images_module__content_spacing_img_l_m  images-module__color-plate-left-bg_site__secondary-bg--100 \">\n\t\t\t\t<div class=\"d-inline-block position-relative\">\n\n\n\t\t\t\t\t<div class=\"images__wrapper\" style=\"\n\t\t\t\t\tmax-width: 440px;\t\t\t\t\tmax-height: 494px;\">\n\t\t\t\t\t\t<img decoding=\"async\" width=\"1000\" height=\"667\" src=\"https:\/\/montessorimondial.se\/wp-content\/uploads\/sites\/13\/2025\/06\/montessori-mondialkungsholmen202504lagstadiewebb12.jpg\" class=\"d-block images__image_ratio  \" alt=\"Elever som l\u00e4ser i b\u00f6cker.\" style=\"aspect-ratio: 440 \/ 494;object-position: center center;\" srcset=\"https:\/\/montessorimondial.se\/wp-content\/uploads\/sites\/13\/2025\/06\/montessori-mondialkungsholmen202504lagstadiewebb12.jpg 1000w, https:\/\/montessorimondial.se\/wp-content\/uploads\/sites\/13\/2025\/06\/montessori-mondialkungsholmen202504lagstadiewebb12-300x200.jpg 300w, https:\/\/montessorimondial.se\/wp-content\/uploads\/sites\/13\/2025\/06\/montessori-mondialkungsholmen202504lagstadiewebb12-400x267.jpg 400w, https:\/\/montessorimondial.se\/wp-content\/uploads\/sites\/13\/2025\/06\/montessori-mondialkungsholmen202504lagstadiewebb12-600x400.jpg 600w, https:\/\/montessorimondial.se\/wp-content\/uploads\/sites\/13\/2025\/06\/montessori-mondialkungsholmen202504lagstadiewebb12-800x534.jpg 800w\" sizes=\"(max-width: 1000px) 100vw, 1000px\" \/>\t\t\t\t\t<\/div>\n\n\t\t\t\t\t\n\n\t\t\t\t\t\t\t\t\t<\/div>\n\t\t\t<\/div>\n\t\t<\/div>\n\t<\/div>\n\t\n\n\n<script>\n\tvar images_display_descriptive_text = \"\";\n<\/script>\n<\/div>\n\n\n\n<div class=\"wp-block-column is-layout-flow wp-block-column-is-layout-flow\">\n<h2 class=\"wp-block-heading\">\u00d6ppettider f\u00f6r fritidsverksamheten<\/h2>\n\n\n\n<p>Fritidshemmet \u00f6ppnar efter skoldagen och har sedan \u00f6ppet fram till klockan 17.30, d\u00e5 verksamheten st\u00e4nger. Tiderna anpassas efter v\u00e5rdnadshavares arbetstider genom att ni fyller i ett schema f\u00f6r vistelsetider p\u00e5 Schoolsoft. Det g\u00e5r bra att \u00e4ndra tiderna efter hand, men det ska meddelas i god tid. <br><br>N\u00e4r s\u00e5 \u00e4r m\u00f6jligt, h\u00e5ller fritids st\u00e4ngt fyra veckor under sommaren. Behov av barnomsorg under den tid fritids \u00e4r st\u00e4ngt anm\u00e4ls till rektor som ordnar plats p\u00e5 annan enhet inom f\u00f6retaget. <br><br>Kom ih\u00e5g att se till att ditt barn har med sig ytterkl\u00e4der efter s\u00e4song till fritids eftersom verksamheten \u00e4r ute i alla v\u00e4der. <\/p>\n\n\n\n<h2 class=\"wp-block-heading\">Vad kostar fritidsverksamheten?<\/h2>\n\n\n\n<p>Montessori Mondial Kungsholmen f\u00f6ljer <a href=\"https:\/\/grundskola.stockholm\/fritidshem-och-fritidsklubb\/avgifter\/\" target=\"_blank\" rel=\"noreferrer noopener\">Stockholms stads regler<\/a> f\u00f6r avgifter i fritidshemmet samt maxtaxa-reformen.<\/p>\n<\/div>\n<\/div>\n\n\n\n\n<section  class=\"ams-cta ams-cta--stacked c-block l-stacked\" data-color-scheme=\"beige\">\n\t<div class=\"l-container-narrow l-stack l-stack-fluid-2xl u-pt-fluid-3xl-6xl u-pb-fluid-3xl-6xl is-center is-center@md\">\n\t\t\t\t\t<div class=\"ams-cta__intro l-stack l-stack-lg\">\n\t\t\t\t\t\n\t<h2\n\tclass=\"c-heading u-font-title-1 \"\n\tstyle=\"\">\n\t\t\n\t\t\t\t\tHar du fr\u00e5gor om v\u00e5rt fritids?\n\t\t\t\t\n\t<\/h2>\n\n\t\t\t\t\t\t\t\t\t<div class=\"c-text l-stack u-cs-xl u-font-body\">\n\t\t\t\t\t\t<p>Kontakta oss p\u00e5 <a href=\"mailto:kungsholmen@montessorimondial.se\">kungsholmen@montessorimondial.se<\/a>.<\/p>\n\n\t\t\t\t\t<\/div>\n\t\t\t\t\t\t\t<\/div>\n\t\t\n\t\t\n\t\t\t<\/div>\n\n\t\t\n\n<\/section>\n\n\n<div   id=\"page-relative-menu\" class=\"site__font-monospace   container_width--full_width_conIcon   d-lg-none  \">\n\n\t\t\t\n<\/div>\n","protected":false},"excerpt":{"rendered":"<p>Fritidsverksamheten Vad g\u00f6r vi p\u00e5 fritids? Tillsammans hittar barn och pedagoger p\u00e5 olika l\u00e4rande aktiviteter. Vi leker utomhus, spelar fotboll, pysslar, l\u00e4ser b\u00f6cker och g\u00e5r till n\u00e4rliggande parker. Vi har Klubbenverksamhet&nbsp;f\u00f6r elever i \u00e5k 4\u20136. Det finns mycket att g\u00f6ra p\u00e5 fritids och h\u00e4r \u00e4r det bara fantasin som s\u00e4tter gr\u00e4nser! Barnen uppmuntras alltid till&#8230;<\/p>\n","protected":false},"author":1,"featured_media":0,"parent":20,"menu_order":0,"comment_status":"closed","ping_status":"closed","template":"","meta":{"footnotes":""},"yoast_head":"<!-- This site is optimized with the Yoast SEO plugin v22.0 - https:\/\/yoast.com\/wordpress\/plugins\/seo\/ -->\n<title>Fritidsverksamhet och \u00f6ppettider | Montessori Mondial Kungsholmen<\/title>\n<meta name=\"description\" content=\"L\u00e4s om vad barnen g\u00f6r p\u00e5 fritids och ta del av v\u00e5ra \u00f6ppettider. Du hittar \u00e4ven information om l\u00e4roplanen, avgifter, samt viktiga saker att t\u00e4nka p\u00e5.\" \/>\n<meta name=\"robots\" content=\"index, follow, max-snippet:-1, max-image-preview:large, max-video-preview:-1\" \/>\n<link rel=\"canonical\" href=\"https:\/\/montessorimondial.se\/kungsholmen\/om\/fritids\/\" \/>\n<meta property=\"og:locale\" content=\"sv_SE\" \/>\n<meta property=\"og:type\" content=\"article\" \/>\n<meta property=\"og:title\" content=\"Fritidsverksamhet och \u00f6ppettider | Montessori Mondial Kungsholmen\" \/>\n<meta property=\"og:description\" content=\"L\u00e4s om vad barnen g\u00f6r p\u00e5 fritids och ta del av v\u00e5ra \u00f6ppettider. Du hittar \u00e4ven information om l\u00e4roplanen, avgifter, samt viktiga saker att t\u00e4nka p\u00e5.\" \/>\n<meta property=\"og:url\" content=\"https:\/\/montessorimondial.se\/kungsholmen\/om\/fritids\/\" \/>\n<meta property=\"og:site_name\" content=\"Kungsholmen\" \/>\n<meta property=\"article:modified_time\" content=\"2025-10-23T08:10:38+00:00\" \/>\n<meta name=\"twitter:card\" content=\"summary_large_image\" \/>\n<meta name=\"twitter:title\" content=\"Fritidsverksamhet och \u00f6ppettider | Montessori Mondial Kungsholmen\" \/>\n<meta name=\"twitter:description\" content=\"L\u00e4s om vad barnen g\u00f6r p\u00e5 fritids och ta del av v\u00e5ra \u00f6ppettider. Du hittar \u00e4ven information om l\u00e4roplanen, avgifter, samt viktiga saker att t\u00e4nka p\u00e5.\" \/>\n<meta name=\"twitter:label1\" content=\"Ber\u00e4knad l\u00e4stid\" \/>\n\t<meta name=\"twitter:data1\" content=\"3 minuter\" \/>\n<script type=\"application\/ld+json\" class=\"yoast-schema-graph\">{\"@context\":\"https:\/\/schema.org\",\"@graph\":[{\"@type\":\"WebPage\",\"@id\":\"https:\/\/montessorimondial.se\/kungsholmen\/om\/fritids\/\",\"url\":\"https:\/\/montessorimondial.se\/kungsholmen\/om\/fritids\/\",\"name\":\"Fritidsverksamhet och \u00f6ppettider | Montessori Mondial Kungsholmen\",\"isPartOf\":{\"@id\":\"https:\/\/montessorimondial.se\/kungsholmen\/#website\"},\"datePublished\":\"2020-09-01T20:07:29+00:00\",\"dateModified\":\"2025-10-23T08:10:38+00:00\",\"description\":\"L\u00e4s om vad barnen g\u00f6r p\u00e5 fritids och ta del av v\u00e5ra \u00f6ppettider. Du hittar \u00e4ven information om l\u00e4roplanen, avgifter, samt viktiga saker att t\u00e4nka p\u00e5.\",\"breadcrumb\":{\"@id\":\"https:\/\/montessorimondial.se\/kungsholmen\/om\/fritids\/#breadcrumb\"},\"inLanguage\":\"sv-SE\",\"potentialAction\":[{\"@type\":\"ReadAction\",\"target\":[\"https:\/\/montessorimondial.se\/kungsholmen\/om\/fritids\/\"]}]},{\"@type\":\"BreadcrumbList\",\"@id\":\"https:\/\/montessorimondial.se\/kungsholmen\/om\/fritids\/#breadcrumb\",\"itemListElement\":[{\"@type\":\"ListItem\",\"position\":1,\"name\":\"Start\",\"item\":\"https:\/\/montessorimondial.se\/kungsholmen\/\"},{\"@type\":\"ListItem\",\"position\":2,\"name\":\"Om skolan\",\"item\":\"https:\/\/montessorimondial.se\/kungsholmen\/om\/\"},{\"@type\":\"ListItem\",\"position\":3,\"name\":\"Fritids\"}]},{\"@type\":\"WebSite\",\"@id\":\"https:\/\/montessorimondial.se\/kungsholmen\/#website\",\"url\":\"https:\/\/montessorimondial.se\/kungsholmen\/\",\"name\":\"Kungsholmen\",\"description\":\"Montessori Mondial Kungsholmen\",\"potentialAction\":[{\"@type\":\"SearchAction\",\"target\":{\"@type\":\"EntryPoint\",\"urlTemplate\":\"https:\/\/montessorimondial.se\/kungsholmen\/?s={search_term_string}\"},\"query-input\":\"required name=search_term_string\"}],\"inLanguage\":\"sv-SE\"}]}<\/script>\n<!-- \/ Yoast SEO plugin. -->","yoast_head_json":{"title":"Fritidsverksamhet och \u00f6ppettider | Montessori Mondial Kungsholmen","description":"L\u00e4s om vad barnen g\u00f6r p\u00e5 fritids och ta del av v\u00e5ra \u00f6ppettider. Du hittar \u00e4ven information om l\u00e4roplanen, avgifter, samt viktiga saker att t\u00e4nka p\u00e5.","robots":{"index":"index","follow":"follow","max-snippet":"max-snippet:-1","max-image-preview":"max-image-preview:large","max-video-preview":"max-video-preview:-1"},"canonical":"https:\/\/montessorimondial.se\/kungsholmen\/om\/fritids\/","og_locale":"sv_SE","og_type":"article","og_title":"Fritidsverksamhet och \u00f6ppettider | Montessori Mondial Kungsholmen","og_description":"L\u00e4s om vad barnen g\u00f6r p\u00e5 fritids och ta del av v\u00e5ra \u00f6ppettider. Du hittar \u00e4ven information om l\u00e4roplanen, avgifter, samt viktiga saker att t\u00e4nka p\u00e5.","og_url":"https:\/\/montessorimondial.se\/kungsholmen\/om\/fritids\/","og_site_name":"Kungsholmen","article_modified_time":"2025-10-23T08:10:38+00:00","twitter_card":"summary_large_image","twitter_title":"Fritidsverksamhet och \u00f6ppettider | Montessori Mondial Kungsholmen","twitter_description":"L\u00e4s om vad barnen g\u00f6r p\u00e5 fritids och ta del av v\u00e5ra \u00f6ppettider. Du hittar \u00e4ven information om l\u00e4roplanen, avgifter, samt viktiga saker att t\u00e4nka p\u00e5.","twitter_misc":{"Ber\u00e4knad l\u00e4stid":"3 minuter"},"schema":{"@context":"https:\/\/schema.org","@graph":[{"@type":"WebPage","@id":"https:\/\/montessorimondial.se\/kungsholmen\/om\/fritids\/","url":"https:\/\/montessorimondial.se\/kungsholmen\/om\/fritids\/","name":"Fritidsverksamhet och \u00f6ppettider | Montessori Mondial Kungsholmen","isPartOf":{"@id":"https:\/\/montessorimondial.se\/kungsholmen\/#website"},"datePublished":"2020-09-01T20:07:29+00:00","dateModified":"2025-10-23T08:10:38+00:00","description":"L\u00e4s om vad barnen g\u00f6r p\u00e5 fritids och ta del av v\u00e5ra \u00f6ppettider. Du hittar \u00e4ven information om l\u00e4roplanen, avgifter, samt viktiga saker att t\u00e4nka p\u00e5.","breadcrumb":{"@id":"https:\/\/montessorimondial.se\/kungsholmen\/om\/fritids\/#breadcrumb"},"inLanguage":"sv-SE","potentialAction":[{"@type":"ReadAction","target":["https:\/\/montessorimondial.se\/kungsholmen\/om\/fritids\/"]}]},{"@type":"BreadcrumbList","@id":"https:\/\/montessorimondial.se\/kungsholmen\/om\/fritids\/#breadcrumb","itemListElement":[{"@type":"ListItem","position":1,"name":"Start","item":"https:\/\/montessorimondial.se\/kungsholmen\/"},{"@type":"ListItem","position":2,"name":"Om skolan","item":"https:\/\/montessorimondial.se\/kungsholmen\/om\/"},{"@type":"ListItem","position":3,"name":"Fritids"}]},{"@type":"WebSite","@id":"https:\/\/montessorimondial.se\/kungsholmen\/#website","url":"https:\/\/montessorimondial.se\/kungsholmen\/","name":"Kungsholmen","description":"Montessori Mondial Kungsholmen","potentialAction":[{"@type":"SearchAction","target":{"@type":"EntryPoint","urlTemplate":"https:\/\/montessorimondial.se\/kungsholmen\/?s={search_term_string}"},"query-input":"required name=search_term_string"}],"inLanguage":"sv-SE"}]}},"_links":{"self":[{"href":"https:\/\/montessorimondial.se\/kungsholmen\/wp-json\/wp\/v2\/pages\/28"}],"collection":[{"href":"https:\/\/montessorimondial.se\/kungsholmen\/wp-json\/wp\/v2\/pages"}],"about":[{"href":"https:\/\/montessorimondial.se\/kungsholmen\/wp-json\/wp\/v2\/types\/page"}],"author":[{"embeddable":true,"href":"https:\/\/montessorimondial.se\/kungsholmen\/wp-json\/wp\/v2\/users\/1"}],"replies":[{"embeddable":true,"href":"https:\/\/montessorimondial.se\/kungsholmen\/wp-json\/wp\/v2\/comments?post=28"}],"version-history":[{"count":10,"href":"https:\/\/montessorimondial.se\/kungsholmen\/wp-json\/wp\/v2\/pages\/28\/revisions"}],"predecessor-version":[{"id":2631,"href":"https:\/\/montessorimondial.se\/kungsholmen\/wp-json\/wp\/v2\/pages\/28\/revisions\/2631"}],"up":[{"embeddable":true,"href":"https:\/\/montessorimondial.se\/kungsholmen\/wp-json\/wp\/v2\/pages\/20"}],"wp:attachment":[{"href":"https:\/\/montessorimondial.se\/kungsholmen\/wp-json\/wp\/v2\/media?parent=28"}],"curies":[{"name":"wp","href":"https:\/\/api.w.org\/{rel}","templated":true}]}}