{"id":1799,"date":"2021-08-19T17:52:57","date_gmt":"2021-08-19T15:52:57","guid":{"rendered":"https:\/\/montessorimondial.se\/nacka\/?page_id=1799"},"modified":"2025-12-18T18:39:11","modified_gmt":"2025-12-18T17:39:11","slug":"forskola","status":"publish","type":"page","link":"https:\/\/montessorimondial.se\/nacka\/om\/forskola\/","title":{"rendered":"F\u00f6rskola"},"content":{"rendered":"\n<div class=\"wp-block-columns is-layout-flex wp-container-core-columns-layout-1 wp-block-columns-is-layout-flex\">\n<div class=\"wp-block-column is-layout-flow wp-block-column-is-layout-flow\" style=\"flex-basis:100%\">\n<h1 class=\"wp-block-heading\">Om f\u00f6rskolan p\u00e5 Montessori Mondial Nacka<\/h1>\n\n\n\n<p   class=\"site__ingress container text-left  site__text-color--dark  site__free_text--ingress p-0\">\n\tP\u00e5 v\u00e5r moderna montessorif\u00f6rskola st\u00e5r barnets nyfikenhet och lust att l\u00e4ra i centrum. F\u00f6rskolans milj\u00f6er \u00e4r anpassade utifr\u00e5n barnets behov och intressen d\u00e4r varje individ f\u00e5r m\u00f6jlighet att utveckla ansvarstagande och tillit till sin egen f\u00f6rm\u00e5ga.<\/p>\n\n\n\n\n\t<div\n\t\t class=\"module_wrapper container-fluid images-module\" >\n\t\t<div class=\"row\">\n\t\t\t<div\n\t\t\t\t\tclass=\"col-12 m-0 p-0 position-relative images_module__slideshow images_module__slideshow-container module-expand \">\n\n\t\t\t\t<div class=\"images_module__slide \" data-slide=\"\"\n\t\t\t\t\t data-duration=\"\"><\/div>\n\t\t\t\t\t\t\t\t\t<div\n\t\t\t\t\t\t class=\"images_module__slides \">\n\n\n\t\t\t\t\t\t<div class=\"images__wrapper\"\n\t\t\t\t\t\t\t style=\"aspect-ratio: 1441 \/ 531;\">\n\t\t\t\t\t\t\t<img decoding=\"async\" width=\"1000\" height=\"667\" src=\"https:\/\/montessorimondial.se\/wp-content\/uploads\/sites\/14\/2025\/06\/montessori-mondialkungsholmen202504forskolawebb11.jpg\" class=\"images__image_ratio  \" alt=\"F\u00f6rskolebarn l\u00e4r med montessorimaterial.\" style=\"aspect-ratio: 1441 \/ 531;object-position: center center;\" srcset=\"https:\/\/montessorimondial.se\/wp-content\/uploads\/sites\/14\/2025\/06\/montessori-mondialkungsholmen202504forskolawebb11.jpg 1000w, https:\/\/montessorimondial.se\/wp-content\/uploads\/sites\/14\/2025\/06\/montessori-mondialkungsholmen202504forskolawebb11-300x200.jpg 300w, https:\/\/montessorimondial.se\/wp-content\/uploads\/sites\/14\/2025\/06\/montessori-mondialkungsholmen202504forskolawebb11-400x267.jpg 400w, https:\/\/montessorimondial.se\/wp-content\/uploads\/sites\/14\/2025\/06\/montessori-mondialkungsholmen202504forskolawebb11-600x400.jpg 600w, https:\/\/montessorimondial.se\/wp-content\/uploads\/sites\/14\/2025\/06\/montessori-mondialkungsholmen202504forskolawebb11-800x534.jpg 800w\" sizes=\"(max-width: 1000px) 100vw, 1000px\" \/>\t\t\t\t\t\t<\/div>\n\n\t\t\t\t\t\t\n\t\t\t\t\t\t\t\t\t\t\t<\/div>\n\t\t\t\t\n\t\t\t\t<div class=\"images_module__container_dot \">\n\t\t\t\t\t<div style=\"text-align:center\">\n\t\t\t\t\t\t\t\t\t\t\t\t\t<span   data-i=\"0\"\n\t\t\t\t\t\t\t\t  class=\"images_module__dot\n\t\t\t\t\t\t\t\t\t\t\t\t\t  \"><\/span>\n\t\t\t\t\t\t\t\t\t\t\t<\/div>\n\t\t\t\t<\/div>\n\n\t\t\t<\/div>\n\t\t<\/div>\n\t<\/div>\n\n\n\t\n\n\n<script>\n\tvar images_display_descriptive_text = \"\";\n<\/script>\n\n\n\n<h2 class=\"wp-block-heading\">V\u00e5r montessorif\u00f6rskola<\/h2>\n\n\n\n<p>V\u00e5ra lokaler \u00e4r nyrenoverade ljusa och rymliga. Vi har tillg\u00e5ng till fyra g\u00e5rdar och n\u00e4ra till skogen \u2013 n\u00e5got vi p\u00e5 f\u00f6rskolan ser till att utnyttja mycket. F\u00f6rskolan best\u00e5r av grupperna Kvadraten, Cirkeln, Rektangeln, Romben och Pyramiden. En dag p\u00e5 v\u00e5r f\u00f6rskola \u00e4r planerad s\u00e5 att barnen i verksamheten ska k\u00e4nna igen och k\u00e4nna sig trygga med vad som h\u00e4nder under dagen. Det ger barnen p\u00e5 sikt en k\u00e4nsla f\u00f6r tid och f\u00f6rst\u00e5else f\u00f6r hur dagens olika moment h\u00e4nger ihop med varandra. Ut\u00f6ver aktiviteter i v\u00e5r inne\/utemilj\u00f6 s\u00e5 bes\u00f6ker vi lekparker och g\u00e5r p\u00e5 promenader i v\u00e5rt n\u00e4romr\u00e5de. <\/p>\n<\/div>\n<\/div>\n\n\n\n\n<section  class=\"ams-cta ams-cta--stacked c-block l-stacked\" data-color-scheme=\"nyans1_av_p2\">\n\t<div class=\"l-container l-stack l-stack-fluid-2xl u-pt-fluid-2xl-4xl u-pb-fluid-md-xl is-left is-left@md\">\n\t\t\t\t\t<div class=\"ams-cta__intro l-stack l-stack-lg\">\n\t\t\t\t\t\n\t<h2\n\tclass=\"c-heading u-font-title-1 \"\n\tstyle=\"\">\n\t\t\n\t\t\t\t\tEn vanlig dag p\u00e5 v\u00e5r f\u00f6rskola\n\t\t\t\t\n\t<\/h2>\n\n\t\t\t\t\t\t\t\t\t<div class=\"c-text l-stack u-cs-xl u-font-body\">\n\t\t\t\t\t\t<p data-start=\"174\" data-end=\"483\">P\u00e5 Montessori Mondial Nacka formas varje dag med rutiner som ger barnen struktur och trygghet, viktiga byggstenar f\u00f6r nyfikenhet och sj\u00e4lvst\u00e4ndigt l\u00e4rande. V\u00e5ra milj\u00f6er \u00e4r omsorgsfullt anpassade efter barnens utveckling och intressen, s\u00e5 att varje barn kan utforska i sin egen takt och p\u00e5 sitt eget s\u00e4tt.<\/p>\n<p data-start=\"485\" data-end=\"658\">Tillsammans skapar vi en l\u00e4rande gemenskap d\u00e4r barnen varje dag f\u00e5r tr\u00e4na p\u00e5 att samarbeta, visa h\u00e4nsyn och bygga relationer<\/p>\n<h2 data-start=\"485\" data-end=\"658\">H\u00f6jdpunkter f\u00f6r barnen i vardagen<\/h2>\n<p data-start=\"485\" data-end=\"658\">H\u00f6jdpunkterna \u00e4r oftast r\u00f6relsestunderna, praktiska \u00f6vningar som h\u00e4lla och \u00f6sa, sk\u00e4ra eller mortla, samt allt som involverar s\u00e5ng och spr\u00e5klek. Barnen uppskattar ocks\u00e5 att f\u00e5 utmana kroppen p\u00e5 olika s\u00e4tt och att vara kreativa. Skapande stunder \u00e4r v\u00e4ldigt popul\u00e4ra \u2014 sj\u00e4lva g\u00f6randeprocessen med olika tekniker och material fascinerar och ger mycket gl\u00e4dje.<\/p>\n\n\t\t\t\t\t<\/div>\n\t\t\t\t\t\t\t<\/div>\n\t\t\n\t\t\n\t\t\t<\/div>\n\n\t\t\n\n<\/section>\n\n\n\n<div class=\"wp-block-columns is-layout-flex wp-container-core-columns-layout-2 wp-block-columns-is-layout-flex\">\n<div class=\"wp-block-column is-layout-flow wp-block-column-is-layout-flow\">\t<div\n\t\t class=\"container-fluid images-module\" >\n\t\t<div class=\"row my-2\">\n\t\t\t<div\n\t\t\t\t\tclass=\"col-md-12 order-md-1 images_module__img_l images_module__content_spacing_img_l_m  images-module__color-plate-left-bg_site__secondary-bg--100 \">\n\t\t\t\t<div class=\"d-inline-block position-relative\">\n\n\n\t\t\t\t\t<div class=\"images__wrapper\" style=\"\n\t\t\t\t\tmax-width: 440px;\t\t\t\t\tmax-height: 494px;\">\n\t\t\t\t\t\t<img decoding=\"async\" width=\"1000\" height=\"667\" src=\"https:\/\/montessorimondial.se\/wp-content\/uploads\/sites\/14\/2025\/06\/montessori-mondialkungsholmen202504forskolawebb2.jpg\" class=\"d-block images__image_ratio  \" alt=\"F\u00f6rskolebarn sitter p\u00e5 golvet.\" style=\"aspect-ratio: 440 \/ 494;object-position: center center;\" srcset=\"https:\/\/montessorimondial.se\/wp-content\/uploads\/sites\/14\/2025\/06\/montessori-mondialkungsholmen202504forskolawebb2.jpg 1000w, https:\/\/montessorimondial.se\/wp-content\/uploads\/sites\/14\/2025\/06\/montessori-mondialkungsholmen202504forskolawebb2-300x200.jpg 300w, https:\/\/montessorimondial.se\/wp-content\/uploads\/sites\/14\/2025\/06\/montessori-mondialkungsholmen202504forskolawebb2-400x267.jpg 400w, https:\/\/montessorimondial.se\/wp-content\/uploads\/sites\/14\/2025\/06\/montessori-mondialkungsholmen202504forskolawebb2-600x400.jpg 600w, https:\/\/montessorimondial.se\/wp-content\/uploads\/sites\/14\/2025\/06\/montessori-mondialkungsholmen202504forskolawebb2-800x534.jpg 800w\" sizes=\"(max-width: 1000px) 100vw, 1000px\" \/>\t\t\t\t\t<\/div>\n\n\t\t\t\t\t\n\n\t\t\t\t\t\t\t\t\t<\/div>\n\t\t\t<\/div>\n\t\t<\/div>\n\t<\/div>\n\t\n\n\n<script>\n\tvar images_display_descriptive_text = \"\";\n<\/script>\n<\/div>\n\n\n\n<div class=\"wp-block-column is-layout-flow wp-block-column-is-layout-flow\">\n<h2 class=\"wp-block-heading\">Aktiviteter p\u00e5 f\u00f6rskolan<\/h2>\n\n\n\n<p>I f\u00f6rskolan har vi inte n\u00e5gra schemalagda lektioner, utan all inl\u00e4rning v\u00e4vs in i det dagliga arbetet med lek och rutinaktiviteter. Vi arbetar med olika projekt och teman f\u00f6r att ge barnen f\u00f6rdjupad nyfikenhet och kunskap inom olika omr\u00e5den. Vi har en \u201dl\u00e4sa-garanti\u201d, vilket betyder att alla barn ska bli l\u00e4sta f\u00f6r varje dag. Denna l\u00e4sning \u00e4r kopplad till likabehandlingsplanens diskrimineringsgrunder och varje stund avslutas med en gemensam reflektion.<\/p>\n\n\n\n<h2 class=\"wp-block-heading\">Inskolning p\u00e5 f\u00f6rskolan<\/h2>\n\n\n\n<p>P\u00e5 v\u00e5r f\u00f6rskola har vi f\u00f6r\u00e4ldraaktiv inskolning, d\u00e4r du som v\u00e5rdnadshavare har en viktig roll i inskolningsprocessen. Du \u00e4r med ditt barn i alla aktiviteter under dagen. Vi guidar dig s\u00e5 du vet vad som kommer h\u00e4nda. Om du k\u00e4nner dig trygg blir ditt barn ocks\u00e5 det. N\u00e4r du k\u00e4nner dig klar att l\u00e4mna och pedagogerna \u00e4r klara att ta emot avslutas inskolningsprocessen. Sj\u00e4lvklart \u00e4r det viktigt att du fortfarande finns tillg\u00e4nglig om det skulle beh\u00f6vas. Inskolningen \u00e4r en speciell tid d\u00e4r du och ditt barn f\u00e5r l\u00e4ra k\u00e4nna f\u00f6rskolan tillsammans och vi p\u00e5 f\u00f6rskolan ser fram emot att f\u00e5 l\u00e4ra k\u00e4nna er.<\/p>\n\n\n\n<h2 class=\"wp-block-heading\">F\u00f6rskolans l\u00e4roplan<\/h2>\n\n\n\n<p>I enlighet med f\u00f6rskolans l\u00e4roplan str\u00e4var vi efter att varje barn utvecklar \u00f6ppenhet, respekt, solidaritet och ansvar f\u00f6r sig sj\u00e4lv, sina kompisar och sin omgivning. Montessoripedagogiken hj\u00e4lper barnet att f\u00f6rst\u00e5 omv\u00e4rlden och blir en v\u00e4g till nya kunskaper genom att arbetsg\u00e5ngen g\u00e5r fr\u00e5n det konkreta till det abstrakta.<\/p>\n<\/div>\n<\/div>\n\n\n\n\n<section  class=\"ams-cta ams-cta--stacked c-block l-stacked\" data-color-scheme=\"beige\">\n\t<div class=\"l-container-narrow l-stack l-stack-fluid-2xl u-pt-fluid-3xl-6xl u-pb-fluid-3xl-6xl is-center is-center@md\">\n\t\t\t\t\t<div class=\"ams-cta__intro l-stack l-stack-lg\">\n\t\t\t\t\t\n\t<h2\n\tclass=\"c-heading u-font-title-1 \"\n\tstyle=\"\">\n\t\t\n\t\t\t\t\tS\u00f6ka f\u00f6rskola\n\t\t\t\t\n\t<\/h2>\n\n\t\t\t\t\t\t\t\t\t<div class=\"c-text l-stack u-cs-xl u-font-body\">\n\t\t\t\t\t\t<p>Nacka kommun har ett gemensamt ans\u00f6kningssystem till alla f\u00f6rskolor, s\u00e5v\u00e4l frist\u00e5ende som kommunala. Det inneb\u00e4r att ni beh\u00f6ver st\u00e4lla ert barn i k\u00f6 till v\u00e5r f\u00f6rskola via Nacka kommuns hemsida.<\/p>\n\n\t\t\t\t\t<\/div>\n\t\t\t\t\t\t\t<\/div>\n\t\t\n\t\t\n\t\t\t<div class=\"ams-cta__action u-inline-items\">\n\t\t\t\t\t\t\t\n\n\n<a href=\"https:\/\/montessorimondial.se\/nacka\/koanmalan\/\"\n\t\n\tclass=\"c-btn \"\n\tdata-style=\"rounded\"\n\tdata-size=\"md\"\n\tdata-width=\"full-mobile\"\n\tdata-variant=\"default\"\n\ttarget=\"_self\">\n\t\t\t<span class=\"label\"> Till k\u00f6anm\u00e4lan<\/span>\n\t\t\t<\/a>\n\t\t\t<\/div>\n\t<\/div>\n\n\t\t\n\t\t\t\n\t\t\t\t\t\t\t\n\t\t\t\t<div class=\"c-bg c-bg--img\" data-settings=\"{&quot;desktop_settings&quot;:{&quot;size&quot;:&quot;auto&quot;,&quot;position&quot;:&quot;top-right&quot;},&quot;mobile_settings&quot;:{&quot;size&quot;:&quot;auto&quot;,&quot;position&quot;:&quot;top-right&quot;}}\" data-position=\"middle-center\" data-size=\"cover\">\n\t\t\t<picture><source media=\"(min-width: 48em)\" srcset=\"https:\/\/montessorimondial.se\/wp-content\/uploads\/sites\/14\/2024\/02\/montessori-mondial-triangel-orange-hoger-topp-150x150-1.png\" sizes=\"(max-width: 150px) 100vw, 150px\" \/><source srcset=\"https:\/\/montessorimondial.se\/wp-content\/uploads\/sites\/14\/2024\/02\/montessori-mondial-triangel-orange-hoger-topp-75x75-1.png\" sizes=\"(max-width: 75px) 100vw, 75px\" \/><img decoding=\"async\" width=\"150\" height=\"150\" src=\"https:\/\/montessorimondial.se\/wp-content\/uploads\/sites\/14\/2024\/02\/montessori-mondial-triangel-orange-hoger-topp-150x150-1.png\" class=\"attachment-hero-lg size-hero-lg\" alt=\"Geometrisk form.\" sizes=\"(max-width: 150px) 100vw, 150px\" \/><\/picture>\n\t\t<\/div>\n\t\t\t\n\t\t\t\t\t\t\t\n\t\t\t\t<div class=\"c-bg c-bg--img\" data-settings=\"{&quot;desktop_settings&quot;:{&quot;size&quot;:&quot;auto&quot;,&quot;position&quot;:&quot;bottom-left&quot;},&quot;mobile_settings&quot;:{&quot;size&quot;:&quot;auto&quot;,&quot;position&quot;:&quot;bottom-left&quot;}}\" data-position=\"middle-center\" data-size=\"cover\">\n\t\t\t<picture><source media=\"(min-width: 48em)\" srcset=\"https:\/\/montessorimondial.se\/wp-content\/uploads\/sites\/14\/2024\/02\/montessori-mondial-kvartscirkel-lila-vanster-botten-150x150-1.png\" sizes=\"(max-width: 150px) 100vw, 150px\" \/><source srcset=\"https:\/\/montessorimondial.se\/wp-content\/uploads\/sites\/14\/2024\/02\/montessori-mondial-kvartscirkel-lila-vanster-botten-75x75-1.png\" sizes=\"(max-width: 75px) 100vw, 75px\" \/><img decoding=\"async\" width=\"150\" height=\"150\" src=\"https:\/\/montessorimondial.se\/wp-content\/uploads\/sites\/14\/2024\/02\/montessori-mondial-kvartscirkel-lila-vanster-botten-150x150-1.png\" class=\"attachment-hero-lg size-hero-lg\" alt=\"Geometrisk form.\" sizes=\"(max-width: 150px) 100vw, 150px\" \/><\/picture>\n\t\t<\/div>\n\t\n<\/section>\n\n\n\n<section \n\t\t class=\"\n\t\t ams-contact\n\t\t \n\t\t c-block l-stacked\n\t\t \n\t\t \n\t\t js-load-more\n\t\t \"\n\t\t data-color-scheme=\"\"\n\t\t\t\t\tdata-count=\"3\"\n\t\t\t\t\t\t\tdata-count-mobile=\"2\"\n\t\t\t\t>\n\t<div\n\t\t class=\"\n\t\t l-container\n\t\t l-stack l-stack-fluid-2xl\n\t\t u-pt-fluid-3xl-6xl\n\t\t u-pb-fluid-3xl-6xl\n\t\t is-center\n\t\t is-center@md\n\t\t \">\n\t\t\t\t\t<div class=\"ams-contact__intro l-stack l-stack-lg\">\n\t\t\t\t\t\n\t<h2\n\tclass=\"c-heading u-font-title-1 \"\n\tstyle=\"\">\n\t\t\n\t\t\t\t\tVill du veta mer om f\u00f6rskolan?\n\t\t\t\t\n\t<\/h2>\n\n\t\t\t\t\t\t\t\t\t<div class=\"c-text l-stack u-cs-xl u-font-body\">\n\t\t\t\t\t\t<p>Kontakta oss g\u00e4rna!<\/p>\n\n\t\t\t\t\t<\/div>\n\t\t\t\t\t\t\t<\/div>\n\t\t\n\t\t\n\t\t    \t\n\t\t\n\t\t<ul\n\t\t\tid=\"contact-grid-69f25b1a0aeb6\"\n\t\t\tclass=\"ams-contact__list l-grid u-gap-fluid-2xl-4xl u-justify-center js-results \"\n\t\t\taria-label=\"Kontakter\"\n\t\t\tdata-filter-animation=\"off\"\n\t\t\t>\n\t\t\t\t\t\t\t\t\t\t\t\n\t\t\t\t\n\t\t\t\t<li class=\"l-col-6@md l-col-4@lg \" data-filter=\"forskola\">\n\t\t\t\t\t<article class=\"c-card \" data-variant=\"neutral\">\n\t\t\t\t\t\t<div class=\"c-card__content u-text-center\">\n\t\t\t\t\t\t\t\t\t\t\t\t\t\t\t<h3 class=\"c-card__title u-font-title-3\">\n\t\t\t\t\t\t\t\t\tMoa Thomsson\n\t\t\t\t\t\t\t\t<\/h3>\n\t\t\t\t\t\t\t\n\t\t\t\t\t\t\t\t\t\t\t\t\t\t\t<p class=\"position u-font-body\">Verksamhetsutvecklare<\/p>\n\t\t\t\t\t\t\t\n\t\t\t\t\t\t\t\t\t\t\t\t\t\t\t<div class=\"contact-info u-font-body\">\n\t\t\t\t\t\t\t\t\t\t\t\t\t\t\t\t\t\t\t\t\t\t\t\t\t\t\t\t\t\t<p class=\"phone\"><a\n\t\t\t\t\t\t\t\t\t\t\t\t\thref=\"tel:0855618013\"\n\t\t\t\t\t\t\t\t\t\t\t\t\tclass=\"u-text-link\">08-556 180 13<\/a>\n\t\t\t\t\t\t\t\t\t\t\t<\/p>\n\t\t\t\t\t\t\t\t\t\t\t\t\t\t\t\t\t\t\t\n\t\t\t\t\t\t\t\t\t\t\t\t\t\t\t\t\t\t\t\t\t\t\t\t\t\t\t\t\t\t<p class=\"email\"><a\n\t\t\t\t\t\t\t\t\t\t\t\t\thref=\"&#109;&#097;&#105;&#108;&#116;&#111;:mo&#097;.tho&#109;ss&#111;&#110;&#064;&#109;o&#110;&#116;e&#115;sori&#109;on&#100;ial&#046;&#115;e\"\n\t\t\t\t\t\t\t\t\t\t\t\t\tclass=\"u-text-link\">&#109;&#111;a&#046;t&#104;&#111;&#109;ss&#111;&#110;&#064;mon&#116;e&#115;&#115;orim&#111;n&#100;i&#097;&#108;&#046;se<\/a>\n\t\t\t\t\t\t\t\t\t\t\t<\/p>\n\t\t\t\t\t\t\t\t\t\t\t\t\t\t\t\t\t\t\t\t\t\t\t\t\t\t\t<\/div>\n\t\t\t\t\t\t\t\n\t\t\t\t\t\t\t\t\t\t\t\t\t<\/div>\n\t\t\t\t\t\t<div class=\"c-card__media\">\n\t\t\t\t\t\t\t\t\t\t\t\t\t\t\t\t\t\t\t\t\t\t\t\t\t\t\t\t\t\t\t\t\t\t\t\t\t\t\t\t\t\t\t\t\t\t\t\t\t<img decoding=\"async\" src=\"https:\/\/montessorimondial.se\/wp-content\/uploads\/2020\/10\/montessorimondialavatar2.svg\" class=\"u-radius-round u-ratio-landscape  \" alt=\"\" sizes=\"(max-width: 300px) 100vw, 300px\" height=\"242\" width=\"242\" \/>\n\t\t\t\t\t\t<\/div>\n\t\t\t\t\t<\/article>\n\t\t\t\t<\/li>\n\t\t\t\t\t<\/ul>\n\n\t\t\n\t\t    <div class=\"ams-contact__more u-inline-items js-load-more-btn\">\n        <button href=\"#\"\n                class=\"c-btn\"\n                data-style=\"rounded\"\n                data-size=\"md\"\n                data-width=\"full-mobile\"\n                data-variant=\"outline\">\n        \tVisa mer\n        <\/button>\n    <\/div>\n\n\t\t\t<\/div>\n\n\t\t\n\n<\/section>\n","protected":false},"excerpt":{"rendered":"<p>Om f\u00f6rskolan p\u00e5 Montessori Mondial Nacka V\u00e5r montessorif\u00f6rskola V\u00e5ra lokaler \u00e4r nyrenoverade ljusa och rymliga. Vi har tillg\u00e5ng till fyra g\u00e5rdar och n\u00e4ra till skogen \u2013 n\u00e5got vi p\u00e5 f\u00f6rskolan ser till att utnyttja mycket. F\u00f6rskolan best\u00e5r av grupperna Kvadraten, Cirkeln, Rektangeln, Romben och Pyramiden. En dag p\u00e5 v\u00e5r f\u00f6rskola \u00e4r planerad s\u00e5 att barnen&#8230;<\/p>\n","protected":false},"author":6,"featured_media":0,"parent":20,"menu_order":0,"comment_status":"closed","ping_status":"closed","template":"","meta":{"footnotes":""},"yoast_head":"<!-- This site is optimized with the Yoast SEO plugin v22.0 - https:\/\/yoast.com\/wordpress\/plugins\/seo\/ -->\n<title>Nacka<\/title>\n<meta name=\"robots\" content=\"index, follow, max-snippet:-1, max-image-preview:large, max-video-preview:-1\" \/>\n<link rel=\"canonical\" href=\"https:\/\/montessorimondial.se\/nacka\/om\/forskola\/\" \/>\n<meta property=\"og:locale\" content=\"sv_SE\" \/>\n<meta property=\"og:type\" content=\"article\" \/>\n<meta property=\"og:url\" content=\"https:\/\/montessorimondial.se\/nacka\/om\/forskola\/\" \/>\n<meta property=\"og:site_name\" content=\"Nacka\" \/>\n<meta property=\"article:modified_time\" content=\"2025-12-18T17:39:11+00:00\" \/>\n<meta name=\"twitter:card\" content=\"summary_large_image\" \/>\n<meta name=\"twitter:label1\" content=\"Ber\u00e4knad l\u00e4stid\" \/>\n\t<meta name=\"twitter:data1\" content=\"5 minuter\" \/>\n<script type=\"application\/ld+json\" class=\"yoast-schema-graph\">{\"@context\":\"https:\/\/schema.org\",\"@graph\":[{\"@type\":\"WebPage\",\"@id\":\"https:\/\/montessorimondial.se\/nacka\/om\/forskola\/\",\"url\":\"https:\/\/montessorimondial.se\/nacka\/om\/forskola\/\",\"name\":\"F\u00f6rskola - Nacka\",\"isPartOf\":{\"@id\":\"https:\/\/montessorimondial.se\/nacka\/#website\"},\"datePublished\":\"2021-08-19T15:52:57+00:00\",\"dateModified\":\"2025-12-18T17:39:11+00:00\",\"breadcrumb\":{\"@id\":\"https:\/\/montessorimondial.se\/nacka\/om\/forskola\/#breadcrumb\"},\"inLanguage\":\"sv-SE\",\"potentialAction\":[{\"@type\":\"ReadAction\",\"target\":[\"https:\/\/montessorimondial.se\/nacka\/om\/forskola\/\"]}]},{\"@type\":\"BreadcrumbList\",\"@id\":\"https:\/\/montessorimondial.se\/nacka\/om\/forskola\/#breadcrumb\",\"itemListElement\":[{\"@type\":\"ListItem\",\"position\":1,\"name\":\"Start\",\"item\":\"https:\/\/montessorimondial.se\/nacka\/\"},{\"@type\":\"ListItem\",\"position\":2,\"name\":\"Om skolan\",\"item\":\"https:\/\/montessorimondial.se\/nacka\/om\/\"},{\"@type\":\"ListItem\",\"position\":3,\"name\":\"F\u00f6rskola\"}]},{\"@type\":\"WebSite\",\"@id\":\"https:\/\/montessorimondial.se\/nacka\/#website\",\"url\":\"https:\/\/montessorimondial.se\/nacka\/\",\"name\":\"Nacka\",\"description\":\"Montessori Mondial Kungsholmen\",\"potentialAction\":[{\"@type\":\"SearchAction\",\"target\":{\"@type\":\"EntryPoint\",\"urlTemplate\":\"https:\/\/montessorimondial.se\/nacka\/?s={search_term_string}\"},\"query-input\":\"required name=search_term_string\"}],\"inLanguage\":\"sv-SE\"}]}<\/script>\n<!-- \/ Yoast SEO plugin. -->","yoast_head_json":{"title":"Nacka","robots":{"index":"index","follow":"follow","max-snippet":"max-snippet:-1","max-image-preview":"max-image-preview:large","max-video-preview":"max-video-preview:-1"},"canonical":"https:\/\/montessorimondial.se\/nacka\/om\/forskola\/","og_locale":"sv_SE","og_type":"article","og_url":"https:\/\/montessorimondial.se\/nacka\/om\/forskola\/","og_site_name":"Nacka","article_modified_time":"2025-12-18T17:39:11+00:00","twitter_card":"summary_large_image","twitter_misc":{"Ber\u00e4knad l\u00e4stid":"5 minuter"},"schema":{"@context":"https:\/\/schema.org","@graph":[{"@type":"WebPage","@id":"https:\/\/montessorimondial.se\/nacka\/om\/forskola\/","url":"https:\/\/montessorimondial.se\/nacka\/om\/forskola\/","name":"F\u00f6rskola - Nacka","isPartOf":{"@id":"https:\/\/montessorimondial.se\/nacka\/#website"},"datePublished":"2021-08-19T15:52:57+00:00","dateModified":"2025-12-18T17:39:11+00:00","breadcrumb":{"@id":"https:\/\/montessorimondial.se\/nacka\/om\/forskola\/#breadcrumb"},"inLanguage":"sv-SE","potentialAction":[{"@type":"ReadAction","target":["https:\/\/montessorimondial.se\/nacka\/om\/forskola\/"]}]},{"@type":"BreadcrumbList","@id":"https:\/\/montessorimondial.se\/nacka\/om\/forskola\/#breadcrumb","itemListElement":[{"@type":"ListItem","position":1,"name":"Start","item":"https:\/\/montessorimondial.se\/nacka\/"},{"@type":"ListItem","position":2,"name":"Om skolan","item":"https:\/\/montessorimondial.se\/nacka\/om\/"},{"@type":"ListItem","position":3,"name":"F\u00f6rskola"}]},{"@type":"WebSite","@id":"https:\/\/montessorimondial.se\/nacka\/#website","url":"https:\/\/montessorimondial.se\/nacka\/","name":"Nacka","description":"Montessori Mondial Kungsholmen","potentialAction":[{"@type":"SearchAction","target":{"@type":"EntryPoint","urlTemplate":"https:\/\/montessorimondial.se\/nacka\/?s={search_term_string}"},"query-input":"required name=search_term_string"}],"inLanguage":"sv-SE"}]}},"_links":{"self":[{"href":"https:\/\/montessorimondial.se\/nacka\/wp-json\/wp\/v2\/pages\/1799"}],"collection":[{"href":"https:\/\/montessorimondial.se\/nacka\/wp-json\/wp\/v2\/pages"}],"about":[{"href":"https:\/\/montessorimondial.se\/nacka\/wp-json\/wp\/v2\/types\/page"}],"author":[{"embeddable":true,"href":"https:\/\/montessorimondial.se\/nacka\/wp-json\/wp\/v2\/users\/6"}],"replies":[{"embeddable":true,"href":"https:\/\/montessorimondial.se\/nacka\/wp-json\/wp\/v2\/comments?post=1799"}],"version-history":[{"count":11,"href":"https:\/\/montessorimondial.se\/nacka\/wp-json\/wp\/v2\/pages\/1799\/revisions"}],"predecessor-version":[{"id":2914,"href":"https:\/\/montessorimondial.se\/nacka\/wp-json\/wp\/v2\/pages\/1799\/revisions\/2914"}],"up":[{"embeddable":true,"href":"https:\/\/montessorimondial.se\/nacka\/wp-json\/wp\/v2\/pages\/20"}],"wp:attachment":[{"href":"https:\/\/montessorimondial.se\/nacka\/wp-json\/wp\/v2\/media?parent=1799"}],"curies":[{"name":"wp","href":"https:\/\/api.w.org\/{rel}","templated":true}]}}