{"id":1799,"date":"2021-08-19T17:52:57","date_gmt":"2021-08-19T15:52:57","guid":{"rendered":"https:\/\/montessorimondial.se\/sandskogen\/?page_id=1799"},"modified":"2025-08-18T08:40:34","modified_gmt":"2025-08-18T06:40:34","slug":"forskola","status":"publish","type":"page","link":"https:\/\/montessorimondial.se\/sandskogen\/om\/forskola\/","title":{"rendered":"F\u00f6rskola"},"content":{"rendered":"\n<div class=\"wp-block-columns is-layout-flex wp-container-core-columns-layout-1 wp-block-columns-is-layout-flex\">\n<div class=\"wp-block-column is-layout-flow wp-block-column-is-layout-flow\" style=\"flex-basis:100%\">\n<h1 class=\"wp-block-heading\">Om f\u00f6rskolan p\u00e5 Montessori Mondial Sandskogen<\/h1>\n\n\n\n<p   class=\"site__ingress container text-left  site__text-color--dark  site__free_text--ingress p-0\">\n\tP\u00e5 v\u00e5r moderna montessorif\u00f6rskola st\u00e5r barnets nyfikenhet och lust att l\u00e4ra i centrum. F\u00f6rskolans milj\u00f6er \u00e4r anpassade utifr\u00e5n barnets behov och intressen d\u00e4r varje individ f\u00e5r m\u00f6jlighet att utveckla ansvarstagande och tillit till sin egen f\u00f6rm\u00e5ga.<\/p>\n\n\n\n\n\t<div\n\t\t class=\"module_wrapper container-fluid images-module\" >\n\t\t<div class=\"row\">\n\t\t\t<div\n\t\t\t\t\tclass=\"col-12 m-0 p-0 position-relative images_module__slideshow images_module__slideshow-container module-expand \">\n\n\t\t\t\t<div class=\"images_module__slide \" data-slide=\"\"\n\t\t\t\t\t data-duration=\"\"><\/div>\n\t\t\t\t\t\t\t\t\t<div\n\t\t\t\t\t\t class=\"images_module__slides \">\n\n\n\t\t\t\t\t\t<div class=\"images__wrapper\"\n\t\t\t\t\t\t\t style=\"aspect-ratio: 1441 \/ 531;\">\n\t\t\t\t\t\t\t<img decoding=\"async\" width=\"1000\" height=\"667\" src=\"https:\/\/montessorimondial.se\/wp-content\/uploads\/sites\/18\/2025\/06\/montessori-mondialsjostaden202504forskolawebb25.jpg\" class=\"images__image_ratio  \" alt=\"F\u00f6rskolebarn sitter p\u00e5 g\u00e5rden med tv\u00e5 pedagoger.\" style=\"aspect-ratio: 1441 \/ 531;object-position: center center;\" srcset=\"https:\/\/montessorimondial.se\/wp-content\/uploads\/sites\/18\/2025\/06\/montessori-mondialsjostaden202504forskolawebb25.jpg 1000w, https:\/\/montessorimondial.se\/wp-content\/uploads\/sites\/18\/2025\/06\/montessori-mondialsjostaden202504forskolawebb25-300x200.jpg 300w, https:\/\/montessorimondial.se\/wp-content\/uploads\/sites\/18\/2025\/06\/montessori-mondialsjostaden202504forskolawebb25-400x267.jpg 400w, https:\/\/montessorimondial.se\/wp-content\/uploads\/sites\/18\/2025\/06\/montessori-mondialsjostaden202504forskolawebb25-600x400.jpg 600w, https:\/\/montessorimondial.se\/wp-content\/uploads\/sites\/18\/2025\/06\/montessori-mondialsjostaden202504forskolawebb25-800x534.jpg 800w\" sizes=\"(max-width: 1000px) 100vw, 1000px\" \/>\t\t\t\t\t\t<\/div>\n\n\t\t\t\t\t\t\n\t\t\t\t\t\t\t\t\t\t\t<\/div>\n\t\t\t\t\n\t\t\t\t<div class=\"images_module__container_dot \">\n\t\t\t\t\t<div style=\"text-align:center\">\n\t\t\t\t\t\t\t\t\t\t\t\t\t<span   data-i=\"0\"\n\t\t\t\t\t\t\t\t  class=\"images_module__dot\n\t\t\t\t\t\t\t\t\t\t\t\t\t  \"><\/span>\n\t\t\t\t\t\t\t\t\t\t\t<\/div>\n\t\t\t\t<\/div>\n\n\t\t\t<\/div>\n\t\t<\/div>\n\t<\/div>\n\n\n\t\n\n\n<script>\n\tvar images_display_descriptive_text = \"\";\n<\/script>\n\n\n\n<h2 class=\"wp-block-heading\">En trygg och inspirerande f\u00f6rskola<\/h2>\n\n\n\n<p>P\u00e5 Montessori Mondial Sandskogen erbjuder vi en trygg och inspirerande l\u00e4rmilj\u00f6 d\u00e4r varje barn f\u00e5r utrymme att utvecklas i sin egen takt. Genom att f\u00f6rena montessoripedagogik med den svenska l\u00e4roplanen tar vi tillvara barnens nyfikenhet, st\u00e4rker deras sj\u00e4lvst\u00e4ndighet och v\u00e4cker en livsl\u00e5ng lust att l\u00e4ra.<\/p>\n<\/div>\n<\/div>\n\n\n\n<div class=\"wp-block-columns is-layout-flex wp-container-core-columns-layout-2 wp-block-columns-is-layout-flex\">\n<div class=\"wp-block-column is-layout-flow wp-block-column-is-layout-flow\">\t<div\n\t\t class=\"container-fluid images-module\" >\n\t\t<div class=\"row my-2\">\n\t\t\t<div\n\t\t\t\t\tclass=\"col-md-12 order-md-1 images_module__img_l images_module__content_spacing_img_l_m  images-module__color-plate-left-bg_site__secondary-bg--100 \">\n\t\t\t\t<div class=\"d-inline-block position-relative\">\n\n\n\t\t\t\t\t<div class=\"images__wrapper\" style=\"\n\t\t\t\t\tmax-width: 440px;\t\t\t\t\tmax-height: 494px;\">\n\t\t\t\t\t\t<img decoding=\"async\" width=\"1000\" height=\"667\" src=\"https:\/\/montessorimondial.se\/wp-content\/uploads\/sites\/18\/2025\/06\/montessori-mondialsjostaden202504forskolawebb18.jpg\" class=\"d-block images__image_ratio  \" alt=\"Tv\u00e5 f\u00f6rskolebarn l\u00e4r sig med montessorimaterial.\" style=\"aspect-ratio: 440 \/ 494;object-position: center center;\" srcset=\"https:\/\/montessorimondial.se\/wp-content\/uploads\/sites\/18\/2025\/06\/montessori-mondialsjostaden202504forskolawebb18.jpg 1000w, https:\/\/montessorimondial.se\/wp-content\/uploads\/sites\/18\/2025\/06\/montessori-mondialsjostaden202504forskolawebb18-300x200.jpg 300w, https:\/\/montessorimondial.se\/wp-content\/uploads\/sites\/18\/2025\/06\/montessori-mondialsjostaden202504forskolawebb18-400x267.jpg 400w, https:\/\/montessorimondial.se\/wp-content\/uploads\/sites\/18\/2025\/06\/montessori-mondialsjostaden202504forskolawebb18-600x400.jpg 600w, https:\/\/montessorimondial.se\/wp-content\/uploads\/sites\/18\/2025\/06\/montessori-mondialsjostaden202504forskolawebb18-800x534.jpg 800w\" sizes=\"(max-width: 1000px) 100vw, 1000px\" \/>\t\t\t\t\t<\/div>\n\n\t\t\t\t\t\n\n\t\t\t\t\t\t\t\t\t<\/div>\n\t\t\t<\/div>\n\t\t<\/div>\n\t<\/div>\n\t\n\n\n<script>\n\tvar images_display_descriptive_text = \"\";\n<\/script>\n<\/div>\n\n\n\n<div class=\"wp-block-column is-layout-flow wp-block-column-is-layout-flow\">\n<h2 class=\"wp-block-heading\">Uppt\u00e4ckarlust i centrum \u2013 l\u00e4rande som formas av barnet<\/h2>\n\n\n\n<p>Hos oss \u00e4r l\u00e4randet ett utforskande. Med hj\u00e4lp av praktiska, sinnestr\u00e4nande, matematiska och spr\u00e5kliga \u00f6vningar f\u00e5r barnen utveckla sina f\u00e4rdigheter i egen takt. Vi introducerar kultur\u00e4mnen som naturvetenskap och geografi tidigt, samtidigt som vi l\u00e4gger grunden f\u00f6r social utveckling och motorik. Allt f\u00f6r att skapa en stabil plattform f\u00f6r fortsatt l\u00e4rande.<\/p>\n\n\n\n<h2 class=\"wp-block-heading\">Frihet med st\u00f6d<\/h2>\n\n\n\n<p>Barnen arbetar b\u00e5de enskilt och tillsammans f\u00f6r att bygga sj\u00e4lvst\u00e4ndighet och tr\u00e4na viktiga f\u00e4rdigheter. V\u00e5ra montessoripedagoger finns alltid n\u00e4ra \u2013 nyfikna, lyh\u00f6rda och v\u00e4gledande. Vi m\u00f6ter varje barn d\u00e4r det befinner sig, med respekt f\u00f6r individuella behov, initiativ och intressen.<\/p>\n\n\n\n<h2 class=\"wp-block-heading\">En trygg plats d\u00e4r varje barn r\u00e4knas<\/h2>\n\n\n\n<p>P\u00e5 v\u00e5r f\u00f6rskola st\u00e5r trygghet, gl\u00e4dje och utveckling i fokus. Genom sm\u00e5 barngrupper och n\u00e4ra relationer skapar vi en milj\u00f6 d\u00e4r barnen blir sedda \u2013 varje dag. En plats d\u00e4r deras nyfikenhet f\u00e5r ta plats, och d\u00e4r uppt\u00e4ckargl\u00e4dje \u00e4r en sj\u00e4lvklar del av vardagen.<\/p>\n<\/div>\n<\/div>\n\n\n\n\n<section  class=\"ams-cta ams-cta--stacked c-block l-stacked\" data-color-scheme=\"beige\">\n\t<div class=\"l-container-narrow l-stack l-stack-fluid-2xl u-pt-fluid-3xl-6xl u-pb-fluid-3xl-6xl is-center is-center@md\">\n\t\t\t\t\t<div class=\"ams-cta__intro l-stack l-stack-lg\">\n\t\t\t\t\t\n\t<h2\n\tclass=\"c-heading u-font-title-1 \"\n\tstyle=\"\">\n\t\t\n\t\t\t\t\tS\u00f6ka f\u00f6rskola\n\t\t\t\t\n\t<\/h2>\n\n\t\t\t\t\t\t\t\t\t<div class=\"c-text l-stack u-cs-xl u-font-body\">\n\t\t\t\t\t\t<p>G\u00f6r en k\u00f6anm\u00e4lan via v\u00e5rt egna formul\u00e4r. Anm\u00e4lan kan g\u00f6ras fr\u00e5n att barnet har f\u00e5tt sitt personnummer men barnet ska ha fyllt ett \u00e5r f\u00f6r att f\u00e5 starta i f\u00f6rskola i Ystads kommun.<\/p>\n\n\t\t\t\t\t<\/div>\n\t\t\t\t\t\t\t<\/div>\n\t\t\n\t\t\n\t\t\t<div class=\"ams-cta__action u-inline-items\">\n\t\t\t\t\t\t\t\n\n\n<a href=\"https:\/\/montessorimondial.se\/sandskogen\/koanmalan\/\"\n\t\n\tclass=\"c-btn \"\n\tdata-style=\"rounded\"\n\tdata-size=\"md\"\n\tdata-width=\"full-mobile\"\n\tdata-variant=\"default\"\n\ttarget=\"_self\">\n\t\t\t<span class=\"label\"> Till k\u00f6anm\u00e4lan<\/span>\n\t\t\t<\/a>\n\t\t\t<\/div>\n\t<\/div>\n\n\t\t\n\t\t\t\n\t\t\t\t\t\t\t\n\t\t\t\t<div class=\"c-bg c-bg--img\" data-settings=\"{&quot;desktop_settings&quot;:{&quot;size&quot;:&quot;auto&quot;,&quot;position&quot;:&quot;top-right&quot;},&quot;mobile_settings&quot;:{&quot;size&quot;:&quot;auto&quot;,&quot;position&quot;:&quot;top-right&quot;}}\" data-position=\"middle-center\" data-size=\"cover\">\n\t\t\t<picture><source media=\"(min-width: 48em)\" srcset=\"https:\/\/montessorimondial.se\/wp-content\/uploads\/sites\/18\/2024\/02\/montessori-mondial-triangel-orange-hoger-topp-150x150-1.png\" sizes=\"(max-width: 150px) 100vw, 150px\" \/><source srcset=\"https:\/\/montessorimondial.se\/wp-content\/uploads\/sites\/18\/2024\/02\/montessori-mondial-triangel-orange-hoger-topp-75x75-1.png\" sizes=\"(max-width: 75px) 100vw, 75px\" \/><img decoding=\"async\" width=\"150\" height=\"150\" src=\"https:\/\/montessorimondial.se\/wp-content\/uploads\/sites\/18\/2024\/02\/montessori-mondial-triangel-orange-hoger-topp-150x150-1.png\" class=\"attachment-hero-lg size-hero-lg\" alt=\"Geometrisk form.\" sizes=\"(max-width: 150px) 100vw, 150px\" \/><\/picture>\n\t\t<\/div>\n\t\t\t\n\t\t\t\t\t\t\t\n\t\t\t\t<div class=\"c-bg c-bg--img\" data-settings=\"{&quot;desktop_settings&quot;:{&quot;size&quot;:&quot;auto&quot;,&quot;position&quot;:&quot;bottom-left&quot;},&quot;mobile_settings&quot;:{&quot;size&quot;:&quot;auto&quot;,&quot;position&quot;:&quot;bottom-left&quot;}}\" data-position=\"middle-center\" data-size=\"cover\">\n\t\t\t<picture><source media=\"(min-width: 48em)\" srcset=\"https:\/\/montessorimondial.se\/wp-content\/uploads\/sites\/18\/2024\/02\/montessori-mondial-kvartscirkel-lila-vanster-botten-150x150-1.png\" sizes=\"(max-width: 150px) 100vw, 150px\" \/><source srcset=\"https:\/\/montessorimondial.se\/wp-content\/uploads\/sites\/18\/2024\/02\/montessori-mondial-kvartscirkel-lila-vanster-botten-75x75-1.png\" sizes=\"(max-width: 75px) 100vw, 75px\" \/><img decoding=\"async\" width=\"150\" height=\"150\" src=\"https:\/\/montessorimondial.se\/wp-content\/uploads\/sites\/18\/2024\/02\/montessori-mondial-kvartscirkel-lila-vanster-botten-150x150-1.png\" class=\"attachment-hero-lg size-hero-lg\" alt=\"Geometrisk form.\" sizes=\"(max-width: 150px) 100vw, 150px\" \/><\/picture>\n\t\t<\/div>\n\t\n<\/section>\n","protected":false},"excerpt":{"rendered":"<p>Om f\u00f6rskolan p\u00e5 Montessori Mondial Sandskogen En trygg och inspirerande f\u00f6rskola P\u00e5 Montessori Mondial Sandskogen erbjuder vi en trygg och inspirerande l\u00e4rmilj\u00f6 d\u00e4r varje barn f\u00e5r utrymme att utvecklas i sin egen takt. Genom att f\u00f6rena montessoripedagogik med den svenska l\u00e4roplanen tar vi tillvara barnens nyfikenhet, st\u00e4rker deras sj\u00e4lvst\u00e4ndighet och v\u00e4cker en livsl\u00e5ng lust att&#8230;<\/p>\n","protected":false},"author":6,"featured_media":0,"parent":20,"menu_order":0,"comment_status":"closed","ping_status":"closed","template":"","meta":{"footnotes":""},"yoast_head":"<!-- This site is optimized with the Yoast SEO plugin v22.0 - https:\/\/yoast.com\/wordpress\/plugins\/seo\/ -->\n<title>F\u00f6rskolan | Montessori Mondial Sandskogen<\/title>\n<meta name=\"description\" content=\"Hos oss kan barnen b\u00f6rja i f\u00f6rskolan och sedan forts\u00e4tta i grundskolan till \u00e5rskurs 6. L\u00e4s mer om hur en dag p\u00e5 v\u00e5r f\u00f6rskola ser ut.\" \/>\n<meta name=\"robots\" content=\"index, follow, max-snippet:-1, max-image-preview:large, max-video-preview:-1\" \/>\n<link rel=\"canonical\" href=\"https:\/\/montessorimondial.se\/sandskogen\/om\/forskola\/\" \/>\n<meta property=\"og:locale\" content=\"sv_SE\" \/>\n<meta property=\"og:type\" content=\"article\" \/>\n<meta property=\"og:title\" content=\"F\u00f6rskolan | Montessori Mondial Sandskogen\" \/>\n<meta property=\"og:description\" content=\"Hos oss kan barnen b\u00f6rja i f\u00f6rskolan och sedan forts\u00e4tta i grundskolan till \u00e5rskurs 6. L\u00e4s mer om hur en dag p\u00e5 v\u00e5r f\u00f6rskola ser ut.\" \/>\n<meta property=\"og:url\" content=\"https:\/\/montessorimondial.se\/sandskogen\/om\/forskola\/\" \/>\n<meta property=\"og:site_name\" content=\"Sandskogen\" \/>\n<meta property=\"article:modified_time\" content=\"2025-08-18T06:40:34+00:00\" \/>\n<meta name=\"twitter:card\" content=\"summary_large_image\" \/>\n<meta name=\"twitter:title\" content=\"F\u00f6rskolan | Montessori Mondial Sandskogen\" \/>\n<meta name=\"twitter:description\" content=\"Hos oss kan barnen b\u00f6rja i f\u00f6rskolan och sedan forts\u00e4tta i grundskolan till \u00e5rskurs 6. L\u00e4s mer om hur en dag p\u00e5 v\u00e5r f\u00f6rskola ser ut.\" \/>\n<meta name=\"twitter:label1\" content=\"Ber\u00e4knad l\u00e4stid\" \/>\n\t<meta name=\"twitter:data1\" content=\"3 minuter\" \/>\n<script type=\"application\/ld+json\" class=\"yoast-schema-graph\">{\"@context\":\"https:\/\/schema.org\",\"@graph\":[{\"@type\":\"WebPage\",\"@id\":\"https:\/\/montessorimondial.se\/sandskogen\/om\/forskola\/\",\"url\":\"https:\/\/montessorimondial.se\/sandskogen\/om\/forskola\/\",\"name\":\"F\u00f6rskolan | Montessori Mondial Sandskogen\",\"isPartOf\":{\"@id\":\"https:\/\/montessorimondial.se\/sandskogen\/#website\"},\"datePublished\":\"2021-08-19T15:52:57+00:00\",\"dateModified\":\"2025-08-18T06:40:34+00:00\",\"description\":\"Hos oss kan barnen b\u00f6rja i f\u00f6rskolan och sedan forts\u00e4tta i grundskolan till \u00e5rskurs 6. L\u00e4s mer om hur en dag p\u00e5 v\u00e5r f\u00f6rskola ser ut.\",\"breadcrumb\":{\"@id\":\"https:\/\/montessorimondial.se\/sandskogen\/om\/forskola\/#breadcrumb\"},\"inLanguage\":\"sv-SE\",\"potentialAction\":[{\"@type\":\"ReadAction\",\"target\":[\"https:\/\/montessorimondial.se\/sandskogen\/om\/forskola\/\"]}]},{\"@type\":\"BreadcrumbList\",\"@id\":\"https:\/\/montessorimondial.se\/sandskogen\/om\/forskola\/#breadcrumb\",\"itemListElement\":[{\"@type\":\"ListItem\",\"position\":1,\"name\":\"Start\",\"item\":\"https:\/\/montessorimondial.se\/sandskogen\/\"},{\"@type\":\"ListItem\",\"position\":2,\"name\":\"Om skolan\",\"item\":\"https:\/\/montessorimondial.se\/sandskogen\/om\/\"},{\"@type\":\"ListItem\",\"position\":3,\"name\":\"F\u00f6rskola\"}]},{\"@type\":\"WebSite\",\"@id\":\"https:\/\/montessorimondial.se\/sandskogen\/#website\",\"url\":\"https:\/\/montessorimondial.se\/sandskogen\/\",\"name\":\"Sandskogen\",\"description\":\"Montessori Mondial Kungsholmen\",\"potentialAction\":[{\"@type\":\"SearchAction\",\"target\":{\"@type\":\"EntryPoint\",\"urlTemplate\":\"https:\/\/montessorimondial.se\/sandskogen\/?s={search_term_string}\"},\"query-input\":\"required name=search_term_string\"}],\"inLanguage\":\"sv-SE\"}]}<\/script>\n<!-- \/ Yoast SEO plugin. -->","yoast_head_json":{"title":"F\u00f6rskolan | Montessori Mondial Sandskogen","description":"Hos oss kan barnen b\u00f6rja i f\u00f6rskolan och sedan forts\u00e4tta i grundskolan till \u00e5rskurs 6. L\u00e4s mer om hur en dag p\u00e5 v\u00e5r f\u00f6rskola ser ut.","robots":{"index":"index","follow":"follow","max-snippet":"max-snippet:-1","max-image-preview":"max-image-preview:large","max-video-preview":"max-video-preview:-1"},"canonical":"https:\/\/montessorimondial.se\/sandskogen\/om\/forskola\/","og_locale":"sv_SE","og_type":"article","og_title":"F\u00f6rskolan | Montessori Mondial Sandskogen","og_description":"Hos oss kan barnen b\u00f6rja i f\u00f6rskolan och sedan forts\u00e4tta i grundskolan till \u00e5rskurs 6. L\u00e4s mer om hur en dag p\u00e5 v\u00e5r f\u00f6rskola ser ut.","og_url":"https:\/\/montessorimondial.se\/sandskogen\/om\/forskola\/","og_site_name":"Sandskogen","article_modified_time":"2025-08-18T06:40:34+00:00","twitter_card":"summary_large_image","twitter_title":"F\u00f6rskolan | Montessori Mondial Sandskogen","twitter_description":"Hos oss kan barnen b\u00f6rja i f\u00f6rskolan och sedan forts\u00e4tta i grundskolan till \u00e5rskurs 6. L\u00e4s mer om hur en dag p\u00e5 v\u00e5r f\u00f6rskola ser ut.","twitter_misc":{"Ber\u00e4knad l\u00e4stid":"3 minuter"},"schema":{"@context":"https:\/\/schema.org","@graph":[{"@type":"WebPage","@id":"https:\/\/montessorimondial.se\/sandskogen\/om\/forskola\/","url":"https:\/\/montessorimondial.se\/sandskogen\/om\/forskola\/","name":"F\u00f6rskolan | Montessori Mondial Sandskogen","isPartOf":{"@id":"https:\/\/montessorimondial.se\/sandskogen\/#website"},"datePublished":"2021-08-19T15:52:57+00:00","dateModified":"2025-08-18T06:40:34+00:00","description":"Hos oss kan barnen b\u00f6rja i f\u00f6rskolan och sedan forts\u00e4tta i grundskolan till \u00e5rskurs 6. L\u00e4s mer om hur en dag p\u00e5 v\u00e5r f\u00f6rskola ser ut.","breadcrumb":{"@id":"https:\/\/montessorimondial.se\/sandskogen\/om\/forskola\/#breadcrumb"},"inLanguage":"sv-SE","potentialAction":[{"@type":"ReadAction","target":["https:\/\/montessorimondial.se\/sandskogen\/om\/forskola\/"]}]},{"@type":"BreadcrumbList","@id":"https:\/\/montessorimondial.se\/sandskogen\/om\/forskola\/#breadcrumb","itemListElement":[{"@type":"ListItem","position":1,"name":"Start","item":"https:\/\/montessorimondial.se\/sandskogen\/"},{"@type":"ListItem","position":2,"name":"Om skolan","item":"https:\/\/montessorimondial.se\/sandskogen\/om\/"},{"@type":"ListItem","position":3,"name":"F\u00f6rskola"}]},{"@type":"WebSite","@id":"https:\/\/montessorimondial.se\/sandskogen\/#website","url":"https:\/\/montessorimondial.se\/sandskogen\/","name":"Sandskogen","description":"Montessori Mondial Kungsholmen","potentialAction":[{"@type":"SearchAction","target":{"@type":"EntryPoint","urlTemplate":"https:\/\/montessorimondial.se\/sandskogen\/?s={search_term_string}"},"query-input":"required name=search_term_string"}],"inLanguage":"sv-SE"}]}},"_links":{"self":[{"href":"https:\/\/montessorimondial.se\/sandskogen\/wp-json\/wp\/v2\/pages\/1799"}],"collection":[{"href":"https:\/\/montessorimondial.se\/sandskogen\/wp-json\/wp\/v2\/pages"}],"about":[{"href":"https:\/\/montessorimondial.se\/sandskogen\/wp-json\/wp\/v2\/types\/page"}],"author":[{"embeddable":true,"href":"https:\/\/montessorimondial.se\/sandskogen\/wp-json\/wp\/v2\/users\/6"}],"replies":[{"embeddable":true,"href":"https:\/\/montessorimondial.se\/sandskogen\/wp-json\/wp\/v2\/comments?post=1799"}],"version-history":[{"count":10,"href":"https:\/\/montessorimondial.se\/sandskogen\/wp-json\/wp\/v2\/pages\/1799\/revisions"}],"predecessor-version":[{"id":3077,"href":"https:\/\/montessorimondial.se\/sandskogen\/wp-json\/wp\/v2\/pages\/1799\/revisions\/3077"}],"up":[{"embeddable":true,"href":"https:\/\/montessorimondial.se\/sandskogen\/wp-json\/wp\/v2\/pages\/20"}],"wp:attachment":[{"href":"https:\/\/montessorimondial.se\/sandskogen\/wp-json\/wp\/v2\/media?parent=1799"}],"curies":[{"name":"wp","href":"https:\/\/api.w.org\/{rel}","templated":true}]}}